{"id":563,"date":"2016-05-23T14:50:45","date_gmt":"2016-05-23T12:50:45","guid":{"rendered":"http:\/\/senat-grossegladbacher.de\/?page_id=563"},"modified":"2016-05-23T14:50:45","modified_gmt":"2016-05-23T12:50:45","slug":"wandertag-2012","status":"publish","type":"page","link":"https:\/\/senat-grossegladbacher.de\/?page_id=563","title":{"rendered":"Wandertag 2012"},"content":{"rendered":"<h3><strong>Senatswandertag am 09. September 2012<\/strong><\/h3>\r\n<p>Wandertag des Senats der Gro\u00dfen Gladbacher einmal anders:<\/p>\r\n\r\n<p>Tatorte:<a href=\"http:\/\/senat-grossegladbacher.de\/wp-content\/uploads\/2016\/05\/IMG_6223_korr.jpg\" target=\"_blank\"><img loading=\"lazy\" decoding=\"async\" class=\"alignright wp-image-566 size-medium\" src=\"http:\/\/senat-grossegladbacher.de\/wp-content\/uploads\/2016\/05\/IMG_6223_korr-226x300.jpg\" alt=\"IMG_6223_korr\" width=\"226\" height=\"300\" srcset=\"https:\/\/senat-grossegladbacher.de\/wp-content\/uploads\/2016\/05\/IMG_6223_korr-226x300.jpg 226w, https:\/\/senat-grossegladbacher.de\/wp-content\/uploads\/2016\/05\/IMG_6223_korr-768x1022.jpg 768w, https:\/\/senat-grossegladbacher.de\/wp-content\/uploads\/2016\/05\/IMG_6223_korr-770x1024.jpg 770w, https:\/\/senat-grossegladbacher.de\/wp-content\/uploads\/2016\/05\/IMG_6223_korr.jpg 1181w\" sizes=\"auto, (max-width: 226px) 100vw, 226px\" \/><\/a><\/p>\r\n<ul>\r\n \t<li>Das Bergische Land<\/li>\r\n \t<li>Freilichtmuseum in Lindlar<\/li>\r\n \t<li>Liederwanderweg \u201eWei\u00dfes Pferdchen\u201c in Hohkeppel<\/li>\r\n \t<li>Grillplatz \u201eWei\u00dfes Pferdchen\u201c in Hohkeppel<\/li>\r\n<\/ul><\/p>\r\n<p>Hauptakteure:<\/p>\r\n<ul>\r\n \t<li>Ur-Nestor und Ehren-Wetter-Senator Petrus<\/li>\r\n \t<li>Das Bergisch Land<\/li>\r\n<\/ul>\r\n<p>On stage:<\/p>\r\n\r\n<p>27 Senatorinnen und Senatoren, Kinder, Freundinnen und Freund, Hunde<\/p>\r\n\r\n<p>Allein die fr\u00fchmorgendliche Autofahrt Lindlar \u00fcber Hohkeppel gerierte bei derma\u00dfen exzellentem Wetter und dem scheinbar besonders herausgeputzten Bergischen Land zu einem besonderen Auftakt.<\/p>\r\n\r\n<p>Im Freilichtmuseum Lindlar begegnete den \u00c4lteren Vergangenes, das in ihrer Erinnerung schlummerte und dem Vergessen \u00fcberantwortet geblieben war, den J\u00fcngeren eine Wirklichkeit, von der man sich nicht vorstellen konnte, dass es Menschen waren, die sich diese Real-Welt schufen, um darin - gl\u00fccklich - zu leben. Die Wahrnehmungen wurden intensiver, die Unterhaltungen konzentrierter und die Zeit lief allen davon, sodass der gro\u00dfe Rundgang, noch ehe er vollendet war, nach fast zwei Stunden beendet werden musste. - Gut f\u00fcrs Wiederkommen!<\/p>\r\n\r\n<p><a href=\"http:\/\/senat-grossegladbacher.de\/wp-content\/uploads\/2016\/05\/IMG_6226.jpg\" target=\"_blank\"><img loading=\"lazy\" decoding=\"async\" class=\"alignleft wp-image-567 size-medium\" src=\"http:\/\/senat-grossegladbacher.de\/wp-content\/uploads\/2016\/05\/IMG_6226-300x225.jpg\" alt=\"IMG_6226\" width=\"300\" height=\"225\" srcset=\"https:\/\/senat-grossegladbacher.de\/wp-content\/uploads\/2016\/05\/IMG_6226-300x225.jpg 300w, https:\/\/senat-grossegladbacher.de\/wp-content\/uploads\/2016\/05\/IMG_6226-768x576.jpg 768w, https:\/\/senat-grossegladbacher.de\/wp-content\/uploads\/2016\/05\/IMG_6226-1024x768.jpg 1024w\" sizes=\"auto, (max-width: 300px) 100vw, 300px\" \/><\/a>Der Tross begab sich nach Hohkeppel, Wei\u00dfes Pferdchen; i.e. ein gro\u00dfes, altes Reed gedecktes Fachwerk \u2013 Haus im Weichbild der uralten romanischen Kirche, das heute der \u00d6ffentlichkeit f\u00fcr Feiern und Veranstaltungen zur Verf\u00fcgung steht, Musterbeispiel eines wirklichen Bauerhauses war, in dem Mensch und Tier samt Vorr\u00e4ten sommers wie winters Tag ein Tag aus lebten, arbeiteten und ihren Tag- und Nachtgeschichten nachkamen. Das Wei\u00dfe Pferdchen ist aber auch Ausgangsort und Ziel des Hohkeppeler Liederwanderweg: die zweite Veranstaltung dieses Wandertages. Der Wanderweg f\u00fchrt von der H\u00f6he s\u00fcdlich und bergab bis fast zur Agger hinunter, von dort, stetig bergauf, wieder zur\u00fcck auf den Hohkeppeler Bergr\u00fccken und zum Wei\u00dfen Pferdchen. An insgesamt 14 Stationen werden die Wanderer angehalten, je ein (Wander-) Lied zu singen. Und damit jeder mitsingen kann, ist der Text der jeweils ersten Strophe auf einer Tafel an der Station (auch f\u00fcr Kurzsichtige, die ihre Brille vergessen haben) vorhanden; die Kenntnis der Melodie wird vorausgesetzt (die des Notenlesens nicht); mit Recht, wie sich herausstellen sollte. Die Qualit\u00e4t des Senat-Chor-Gesangs war respektabel, wenn auch die Bewohner angrenzender H\u00e4user nicht erkennbar aufmerksam geworden sind, aber auch keine gef\u00e4hrlichen Drohgeb\u00e4rden einnahmen. Sie lie\u00dfen sich nicht sehen, w\u00e4hrend wir uns h\u00f6ren lie\u00dfen.<\/p>\r\n\r\n<p><a href=\"http:\/\/senat-grossegladbacher.de\/wp-content\/uploads\/2016\/05\/IMG_6227.jpg\" target=\"_blank\"><img loading=\"lazy\" decoding=\"async\" class=\"alignleft wp-image-568 size-medium\" src=\"http:\/\/senat-grossegladbacher.de\/wp-content\/uploads\/2016\/05\/IMG_6227-300x225.jpg\" alt=\"IMG_6227\" width=\"300\" height=\"225\" srcset=\"https:\/\/senat-grossegladbacher.de\/wp-content\/uploads\/2016\/05\/IMG_6227-300x225.jpg 300w, https:\/\/senat-grossegladbacher.de\/wp-content\/uploads\/2016\/05\/IMG_6227-768x576.jpg 768w, https:\/\/senat-grossegladbacher.de\/wp-content\/uploads\/2016\/05\/IMG_6227-1024x768.jpg 1024w\" sizes=\"auto, (max-width: 300px) 100vw, 300px\" \/><\/a>Sobald die Hohkeppeler Kirchturmspitze zu erblicken war, sank die Lust aufs Weiterwandern und Singen zugunsten des gestiegenen und nun sehr heftigen Bed\u00fcrfnisses, Durst und Hunger zu stillen, zumal der Duft des Grillgutes schon durch die Luft zu wabern schien. Also: Auf der \u201ediretissima\u201c zum Grillplatz und zum Grillen, dem H\u00f6hepunkt eines Wandertages, wie sich einmal mehr bewahrheitete.<\/p>\r\n\r\n<p><a href=\"http:\/\/senat-grossegladbacher.de\/wp-content\/uploads\/2016\/05\/IMG_6236.jpg\" target=\"_blank\"><img loading=\"lazy\" decoding=\"async\" class=\"alignleft wp-image-571 size-medium\" src=\"http:\/\/senat-grossegladbacher.de\/wp-content\/uploads\/2016\/05\/IMG_6236-225x300.jpg\" alt=\"IMG_6236\" width=\"225\" height=\"300\" srcset=\"https:\/\/senat-grossegladbacher.de\/wp-content\/uploads\/2016\/05\/IMG_6236-225x300.jpg 225w, https:\/\/senat-grossegladbacher.de\/wp-content\/uploads\/2016\/05\/IMG_6236-768x1024.jpg 768w\" sizes=\"auto, (max-width: 225px) 100vw, 225px\" \/><\/a>Zwar schon Routine, aber immer wieder liebevoll, umsichtig und sorgf\u00e4ltig vorbereitet und durchgef\u00fchrt von Susanne Fuchs, war das abschlie\u00dfende \u201eGrillfest\u201c in der Tat das \u201eHighlight\u201c, das nur durch das unvergleichlich sch\u00f6ne Wetter \u00fcbertroffen war und durch das Bergische Land, das an diesem Sonnentag mit seinen Reizen nicht hinter dem Berg hielt und alle begeisterte. Beim Genuss saftiger Koteletts, knackiger <a href=\"http:\/\/senat-grossegladbacher.de\/wp-content\/uploads\/2016\/05\/IMG_6232.jpg\" target=\"_blank\"><img loading=\"lazy\" decoding=\"async\" class=\"alignright wp-image-569 size-medium\" src=\"http:\/\/senat-grossegladbacher.de\/wp-content\/uploads\/2016\/05\/IMG_6232-300x225.jpg\" alt=\"IMG_6232\" width=\"300\" height=\"225\" srcset=\"https:\/\/senat-grossegladbacher.de\/wp-content\/uploads\/2016\/05\/IMG_6232-300x225.jpg 300w, https:\/\/senat-grossegladbacher.de\/wp-content\/uploads\/2016\/05\/IMG_6232-768x576.jpg 768w, https:\/\/senat-grossegladbacher.de\/wp-content\/uploads\/2016\/05\/IMG_6232-1024x768.jpg 1024w\" sizes=\"auto, (max-width: 300px) 100vw, 300px\" \/><\/a>al-dente-W\u00fcrstchen und Garten frischer Salate lie\u00dfen die Wanderer ihre Gedanken vor\u00fcbergehend allein schweifen, bevor der Wunsch nach etwas Abrundendem, z. B. k\u00f6stlichem Kuchen, wieder Bewegung aufkommen lie\u00df.<\/p>\r\n<p><br><br><br><br><\/p>\r\n<p><a href=\"http:\/\/senat-grossegladbacher.de\/wp-content\/uploads\/2016\/05\/IMG_6234_korr.jpg\" target=\"_blank\"><img loading=\"lazy\" decoding=\"async\" class=\"alignleft wp-image-570 size-medium\" src=\"http:\/\/senat-grossegladbacher.de\/wp-content\/uploads\/2016\/05\/IMG_6234_korr-226x300.jpg\" alt=\"IMG_6234_korr\" width=\"226\" height=\"300\" srcset=\"https:\/\/senat-grossegladbacher.de\/wp-content\/uploads\/2016\/05\/IMG_6234_korr-226x300.jpg 226w, https:\/\/senat-grossegladbacher.de\/wp-content\/uploads\/2016\/05\/IMG_6234_korr-768x1022.jpg 768w, https:\/\/senat-grossegladbacher.de\/wp-content\/uploads\/2016\/05\/IMG_6234_korr-770x1024.jpg 770w, https:\/\/senat-grossegladbacher.de\/wp-content\/uploads\/2016\/05\/IMG_6234_korr.jpg 1181w\" sizes=\"auto, (max-width: 226px) 100vw, 226px\" \/><\/a> p.s. Nebenbei: Dieser Wandertag war der Tag des Pr\u00e4sidiums, ein Tag eindrucksvoller Demonstrationen:\r\nDer Pr\u00e4sident demonstrierte am Grill, warum er der bessere Busunternehmer geworden ist und nicht Koch.\r\nDer Vizepr\u00e4sident unterstrich mit zwei nicht ganz freiwilligen Bodenturn\u00fcbungen den Grund, warum er bisher f\u00fcr keinem nennenswerten Kunstturnwettkampf ber\u00fccksichtigt werden konnte, aber inzwischen reif f\u00fcr eine Gehhilfe ist.<\/p>\r\n<p><br><\/p>\r\n<p>Im Besonderen: dank allen Beteiligten! Sie haben uns einen vorz\u00fcglichen Wandertag geplant, organisiert und durchgef\u00fchrt; insbesondere: Susanne Fuchs, Mathias Fuchs, Rolf Sam und Reiner Fleck, die Hauptverd\u00e4chtigen; dar\u00fcber hinaus alle, die sich um die Logistik des Grillplatzes perfekt bem\u00fcht haben.<\/p>\r\n<p style=\"text-align: right;\">wodife<\/p>","protected":false},"excerpt":{"rendered":"<p>Senatswandertag am 09. September 2012 Wandertag des Senats der Gro\u00dfen Gladbacher einmal anders: Tatorte: Das Bergische Land Freilichtmuseum in Lindlar Liederwanderweg \u201eWei\u00dfes Pferdchen\u201c in Hohkeppel Grillplatz \u201eWei\u00dfes Pferdchen\u201c in Hohkeppel Hauptakteure: Ur-Nestor und Ehren-Wetter-Senator Petrus Das Bergisch Land On stage: <a class=\"more-link\" href=\"https:\/\/senat-grossegladbacher.de\/?page_id=563\"><span class=\"screen-reader-text\">  Wandertag 2012<\/span> weiterlesen<span class=\"meta-nav\">&rarr;<\/span><\/a><\/p>\n","protected":false},"author":1,"featured_media":0,"parent":0,"menu_order":0,"comment_status":"closed","ping_status":"closed","template":"","meta":{"footnotes":""},"class_list":["post-563","page","type-page","status-publish","hentry"],"_links":{"self":[{"href":"https:\/\/senat-grossegladbacher.de\/index.php?rest_route=\/wp\/v2\/pages\/563","targetHints":{"allow":["GET"]}}],"collection":[{"href":"https:\/\/senat-grossegladbacher.de\/index.php?rest_route=\/wp\/v2\/pages"}],"about":[{"href":"https:\/\/senat-grossegladbacher.de\/index.php?rest_route=\/wp\/v2\/types\/page"}],"author":[{"embeddable":true,"href":"https:\/\/senat-grossegladbacher.de\/index.php?rest_route=\/wp\/v2\/users\/1"}],"replies":[{"embeddable":true,"href":"https:\/\/senat-grossegladbacher.de\/index.php?rest_route=%2Fwp%2Fv2%2Fcomments&post=563"}],"version-history":[{"count":29,"href":"https:\/\/senat-grossegladbacher.de\/index.php?rest_route=\/wp\/v2\/pages\/563\/revisions"}],"predecessor-version":[{"id":598,"href":"https:\/\/senat-grossegladbacher.de\/index.php?rest_route=\/wp\/v2\/pages\/563\/revisions\/598"}],"wp:attachment":[{"href":"https:\/\/senat-grossegladbacher.de\/index.php?rest_route=%2Fwp%2Fv2%2Fmedia&parent=563"}],"curies":[{"name":"wp","href":"https:\/\/api.w.org\/{rel}","templated":true}]}}

<h3><strong>Senatswandertag am 09. September 2012</strong></h3>
<p>Wandertag des Senats der Großen Gladbacher einmal anders:</p>

<p>Tatorte:<a href="http://senat-grossegladbacher.de/wp-content/uploads/2016/05/IMG_6223_korr.jpg" target="_blank"><img loading="lazy" decoding="async" class="alignright wp-image-566 size-medium" src="http://senat-grossegladbacher.de/wp-content/uploads/2016/05/IMG_6223_korr-226x300.jpg" alt="IMG_6223_korr" width="226" height="300" srcset="https://senat-grossegladbacher.de/wp-content/uploads/2016/05/IMG_6223_korr-226x300.jpg 226w, https://senat-grossegladbacher.de/wp-content/uploads/2016/05/IMG_6223_korr-768x1022.jpg 768w, https://senat-grossegladbacher.de/wp-content/uploads/2016/05/IMG_6223_korr-770x1024.jpg 770w, https://senat-grossegladbacher.de/wp-content/uploads/2016/05/IMG_6223_korr.jpg 1181w" sizes="auto, (max-width: 226px) 100vw, 226px" /></a></p>
<ul>
 	<li>Das Bergische Land</li>
 	<li>Freilichtmuseum in Lindlar</li>
 	<li>Liederwanderweg „Weißes Pferdchen“ in Hohkeppel</li>
 	<li>Grillplatz „Weißes Pferdchen“ in Hohkeppel</li>
</ul></p>
<p>Hauptakteure:</p>
<ul>
 	<li>Ur-Nestor und Ehren-Wetter-Senator Petrus</li>
 	<li>Das Bergisch Land</li>
</ul>
<p>On stage:</p>

<p>27 Senatorinnen und Senatoren, Kinder, Freundinnen und Freund, Hunde</p>

<p>Allein die frühmorgendliche Autofahrt Lindlar über Hohkeppel gerierte bei dermaßen exzellentem Wetter und dem scheinbar besonders herausgeputzten Bergischen Land zu einem besonderen Auftakt.</p>

<p>Im Freilichtmuseum Lindlar begegnete den Älteren Vergangenes, das in ihrer Erinnerung schlummerte und dem Vergessen überantwortet geblieben war, den Jüngeren eine Wirklichkeit, von der man sich nicht vorstellen konnte, dass es Menschen waren, die sich diese Real-Welt schufen, um darin - glücklich - zu leben. Die Wahrnehmungen wurden intensiver, die Unterhaltungen konzentrierter und die Zeit lief allen davon, sodass der große Rundgang, noch ehe er vollendet war, nach fast zwei Stunden beendet werden musste. - Gut fürs Wiederkommen!</p>

<p><a href="http://senat-grossegladbacher.de/wp-content/uploads/2016/05/IMG_6226.jpg" target="_blank"><img loading="lazy" decoding="async" class="alignleft wp-image-567 size-medium" src="http://senat-grossegladbacher.de/wp-content/uploads/2016/05/IMG_6226-300x225.jpg" alt="IMG_6226" width="300" height="225" srcset="https://senat-grossegladbacher.de/wp-content/uploads/2016/05/IMG_6226-300x225.jpg 300w, https://senat-grossegladbacher.de/wp-content/uploads/2016/05/IMG_6226-768x576.jpg 768w, https://senat-grossegladbacher.de/wp-content/uploads/2016/05/IMG_6226-1024x768.jpg 1024w" sizes="auto, (max-width: 300px) 100vw, 300px" /></a>Der Tross begab sich nach Hohkeppel, Weißes Pferdchen; i.e. ein großes, altes Reed gedecktes Fachwerk – Haus im Weichbild der uralten romanischen Kirche, das heute der Öffentlichkeit für Feiern und Veranstaltungen zur Verfügung steht, Musterbeispiel eines wirklichen Bauerhauses war, in dem Mensch und Tier samt Vorräten sommers wie winters Tag ein Tag aus lebten, arbeiteten und ihren Tag- und Nachtgeschichten nachkamen. Das Weiße Pferdchen ist aber auch Ausgangsort und Ziel des Hohkeppeler Liederwanderweg: die zweite Veranstaltung dieses Wandertages. Der Wanderweg führt von der Höhe südlich und bergab bis fast zur Agger hinunter, von dort, stetig bergauf, wieder zurück auf den Hohkeppeler Bergrücken und zum Weißen Pferdchen. An insgesamt 14 Stationen werden die Wanderer angehalten, je ein (Wander-) Lied zu singen. Und damit jeder mitsingen kann, ist der Text der jeweils ersten Strophe auf einer Tafel an der Station (auch für Kurzsichtige, die ihre Brille vergessen haben) vorhanden; die Kenntnis der Melodie wird vorausgesetzt (die des Notenlesens nicht); mit Recht, wie sich herausstellen sollte. Die Qualität des Senat-Chor-Gesangs war respektabel, wenn auch die Bewohner angrenzender Häuser nicht erkennbar aufmerksam geworden sind, aber auch keine gefährlichen Drohgebärden einnahmen. Sie ließen sich nicht sehen, während wir uns hören ließen.</p>

<p><a href="http://senat-grossegladbacher.de/wp-content/uploads/2016/05/IMG_6227.jpg" target="_blank"><img loading="lazy" decoding="async" class="alignleft wp-image-568 size-medium" src="http://senat-grossegladbacher.de/wp-content/uploads/2016/05/IMG_6227-300x225.jpg" alt="IMG_6227" width="300" height="225" srcset="https://senat-grossegladbacher.de/wp-content/uploads/2016/05/IMG_6227-300x225.jpg 300w, https://senat-grossegladbacher.de/wp-content/uploads/2016/05/IMG_6227-768x576.jpg 768w, https://senat-grossegladbacher.de/wp-content/uploads/2016/05/IMG_6227-1024x768.jpg 1024w" sizes="auto, (max-width: 300px) 100vw, 300px" /></a>Sobald die Hohkeppeler Kirchturmspitze zu erblicken war, sank die Lust aufs Weiterwandern und Singen zugunsten des gestiegenen und nun sehr heftigen Bedürfnisses, Durst und Hunger zu stillen, zumal der Duft des Grillgutes schon durch die Luft zu wabern schien. Also: Auf der „diretissima“ zum Grillplatz und zum Grillen, dem Höhepunkt eines Wandertages, wie sich einmal mehr bewahrheitete.</p>

<p><a href="http://senat-grossegladbacher.de/wp-content/uploads/2016/05/IMG_6236.jpg" target="_blank"><img loading="lazy" decoding="async" class="alignleft wp-image-571 size-medium" src="http://senat-grossegladbacher.de/wp-content/uploads/2016/05/IMG_6236-225x300.jpg" alt="IMG_6236" width="225" height="300" srcset="https://senat-grossegladbacher.de/wp-content/uploads/2016/05/IMG_6236-225x300.jpg 225w, https://senat-grossegladbacher.de/wp-content/uploads/2016/05/IMG_6236-768x1024.jpg 768w" sizes="auto, (max-width: 225px) 100vw, 225px" /></a>Zwar schon Routine, aber immer wieder liebevoll, umsichtig und sorgfältig vorbereitet und durchgeführt von Susanne Fuchs, war das abschließende „Grillfest“ in der Tat das „Highlight“, das nur durch das unvergleichlich schöne Wetter übertroffen war und durch das Bergische Land, das an diesem Sonnentag mit seinen Reizen nicht hinter dem Berg hielt und alle begeisterte. Beim Genuss saftiger Koteletts, knackiger <a href="http://senat-grossegladbacher.de/wp-content/uploads/2016/05/IMG_6232.jpg" target="_blank"><img loading="lazy" decoding="async" class="alignright wp-image-569 size-medium" src="http://senat-grossegladbacher.de/wp-content/uploads/2016/05/IMG_6232-300x225.jpg" alt="IMG_6232" width="300" height="225" srcset="https://senat-grossegladbacher.de/wp-content/uploads/2016/05/IMG_6232-300x225.jpg 300w, https://senat-grossegladbacher.de/wp-content/uploads/2016/05/IMG_6232-768x576.jpg 768w, https://senat-grossegladbacher.de/wp-content/uploads/2016/05/IMG_6232-1024x768.jpg 1024w" sizes="auto, (max-width: 300px) 100vw, 300px" /></a>al-dente-Würstchen und Garten frischer Salate ließen die Wanderer ihre Gedanken vorübergehend allein schweifen, bevor der Wunsch nach etwas Abrundendem, z. B. köstlichem Kuchen, wieder Bewegung aufkommen ließ.</p>
<p><br><br><br><br></p>
<p><a href="http://senat-grossegladbacher.de/wp-content/uploads/2016/05/IMG_6234_korr.jpg" target="_blank"><img loading="lazy" decoding="async" class="alignleft wp-image-570 size-medium" src="http://senat-grossegladbacher.de/wp-content/uploads/2016/05/IMG_6234_korr-226x300.jpg" alt="IMG_6234_korr" width="226" height="300" srcset="https://senat-grossegladbacher.de/wp-content/uploads/2016/05/IMG_6234_korr-226x300.jpg 226w, https://senat-grossegladbacher.de/wp-content/uploads/2016/05/IMG_6234_korr-768x1022.jpg 768w, https://senat-grossegladbacher.de/wp-content/uploads/2016/05/IMG_6234_korr-770x1024.jpg 770w, https://senat-grossegladbacher.de/wp-content/uploads/2016/05/IMG_6234_korr.jpg 1181w" sizes="auto, (max-width: 226px) 100vw, 226px" /></a> p.s. Nebenbei: Dieser Wandertag war der Tag des Präsidiums, ein Tag eindrucksvoller Demonstrationen:
Der Präsident demonstrierte am Grill, warum er der bessere Busunternehmer geworden ist und nicht Koch.
Der Vizepräsident unterstrich mit zwei nicht ganz freiwilligen Bodenturnübungen den Grund, warum er bisher für keinem nennenswerten Kunstturnwettkampf berücksichtigt werden konnte, aber inzwischen reif für eine Gehhilfe ist.</p>
<p><br></p>
<p>Im Besonderen: dank allen Beteiligten! Sie haben uns einen vorzüglichen Wandertag geplant, organisiert und durchgeführt; insbesondere: Susanne Fuchs, Mathias Fuchs, Rolf Sam und Reiner Fleck, die Hauptverdächtigen; darüber hinaus alle, die sich um die Logistik des Grillplatzes perfekt bemüht haben.</p>
<p style="text-align: right;">wodife</p>

<p>Senatswandertag am 09. September 2012 Wandertag des Senats der Großen Gladbacher einmal anders: Tatorte: Das Bergische Land Freilichtmuseum in Lindlar Liederwanderweg „Weißes Pferdchen“ in Hohkeppel Grillplatz „Weißes Pferdchen“ in Hohkeppel Hauptakteure: Ur-Nestor und Ehren-Wetter-Senator Petrus Das Bergisch Land On stage: <a class="more-link" href="https://senat-grossegladbacher.de/?page_id=563"><span class="screen-reader-text">  Wandertag 2012</span> weiterlesen<span class="meta-nav">&rarr;</span></a></p>
