{"id":431,"date":"2016-05-09T09:50:18","date_gmt":"2016-05-09T07:50:18","guid":{"rendered":"http:\/\/senat-grossegladbacher.de\/?page_id=431"},"modified":"2016-05-17T14:43:29","modified_gmt":"2016-05-17T12:43:29","slug":"2014-2","status":"publish","type":"page","link":"https:\/\/senat-grossegladbacher.de\/?page_id=431","title":{"rendered":"Wandertag 2014"},"content":{"rendered":"<h3><strong>Wandertag 2014<\/strong><\/h3>\r\nSeit Jahren, eigentlich seit Erfindung des Wandertages des Senats der Gro\u00dfen Gladbacher, warten die Teilnehmer auf das anschlie\u00dfende ebenso erbittert wie gen\u00fcsslich zelebrierte Duell der Senats-Grill-Giganten Rolf Sam und Matthias Fuchs. Mit immer wieder neuen Tricks und Finten haben sie Jahr f\u00fcr Jahr versucht, ihr Grillgut als das Beste nicht nur aller Zeiten, sondern als das viel bessere im Vergleich zu demjenigen des Erz-Grill-Rivalen zu pr\u00e4parieren und zu pr\u00e4sentieren. Der Eine brutzelte stets die viel leckereren W\u00fcrstchen, der andere stets die viel k\u00f6stlicheren Koteletts. In 2014 stimmte die Welt nicht mehr! \u2013 Der Reihe nach:<br class=\"clear\" \/>\r\n\r\nAm 12.09.2014 machten sich 36 Senatorinnen, Senatoren, Kinder, Freundinnen und Freunde sowie Hunde auf den Weg. Ausgangspunkt, wie in den beiden Jahren zuvor: der Park- und Grillplatz am \u201eWei\u00dfen Pferdchen\u201c in Hohkeppel; Ziel der Wanderung: ein Jakobsweg-Denkmal, das hier, im Weichbild der Hohkeppeler Kirche Sankt Laurentius, daran erinnert, dass auch diese unsere Region von Jakobswegen durchzogen war (und ist), mit dem Etappenziel K\u00f6ln und den Gebeinen der \u201eDrei Heiligen Drei K\u00f6nige\u201c \u2013 damals noch ohne Dom \u2013 mit der Hinterlassenschaft des \u201eK\u00f6bes\u201c; alle Drei heute von K\u00f6ln nicht mehr zu trennen.<br class=\"clear\" \/>\r\n\r\n<br class=\"clear\" \/><a href=\"http:\/\/senat-grossegladbacher.de\/wp-content\/uploads\/2016\/05\/Foto-1.jpg\" target=\"_blank\"><img loading=\"lazy\" decoding=\"async\" class=\"alignnone wp-image-435 size-medium\" src=\"http:\/\/senat-grossegladbacher.de\/wp-content\/uploads\/2016\/05\/Foto-1-300x225.jpg\" alt=\"Foto 1\" width=\"300\" height=\"225\" srcset=\"https:\/\/senat-grossegladbacher.de\/wp-content\/uploads\/2016\/05\/Foto-1-300x225.jpg 300w, https:\/\/senat-grossegladbacher.de\/wp-content\/uploads\/2016\/05\/Foto-1.jpg 640w\" sizes=\"auto, (max-width: 300px) 100vw, 300px\" \/><\/a><br class=\"clear\" \/>\r\n\r\nBei aller Historie, das eigentliche, profane, leibliche Ziel der Senatswanderung: das anschlie\u00dfende Grill-Fest, nein: GRILL-DUELL! Routiniert, professionell liefen die Vorbereitungen, dank Susanne Fuchs und ihrer vorz\u00fcglichen Umsicht. Die Holzkohle legte die vornehme hellgraue Bl\u00e4sse auf, war hei\u00df \u2013 es konnte beginnen! Da geschah, was selbst nach dem letzten Bissen nicht verdaut war: Die Grillrivalen traten im Schulterschluss (!) vor das verdutze, hungrige Auditorium, und ein jeder der beiden k\u00fcndigte das Grillgut des anderen an, lobte es, pries es als DAS je in Hohkeppel Produzierte, traten \u2013 nebeneinander \u2013 an den Rost und an die Arbeit \u2013 unfassbar! \u2013 Was war geschehen? \u2013 Niemand hat es erfahren, au\u00dfer dem Heiligen Laurentius \u2026<br class=\"clear\" \/>\r\n\r\n<a href=\"http:\/\/senat-grossegladbacher.de\/wp-content\/uploads\/2016\/05\/Foto-2.jpg\" target=\"_blank\"><img loading=\"lazy\" decoding=\"async\" class=\"alignnone wp-image-436 size-medium\" src=\"http:\/\/senat-grossegladbacher.de\/wp-content\/uploads\/2016\/05\/Foto-2-300x225.jpg\" alt=\"Foto 2\" width=\"300\" height=\"225\" srcset=\"https:\/\/senat-grossegladbacher.de\/wp-content\/uploads\/2016\/05\/Foto-2-300x225.jpg 300w, https:\/\/senat-grossegladbacher.de\/wp-content\/uploads\/2016\/05\/Foto-2-768x576.jpg 768w, https:\/\/senat-grossegladbacher.de\/wp-content\/uploads\/2016\/05\/Foto-2-1024x768.jpg 1024w\" sizes=\"auto, (max-width: 300px) 100vw, 300px\" \/><\/a><br class=\"clear\" \/>\r\n<br class=\"clear\" \/>\r\n\r\nDie Qualit\u00e4t der in einer so unorthodoxen Weise angek\u00fcndigten W\u00fcrstchen und Koteletts allerdings war vorz\u00fcglich. Und alle, die sich noch gut erinnern k\u00f6nnen, waren der Meinung, deren Qualit\u00e4t w\u00e4re einmalig gewesen.\r\n\r\n<a href=\"http:\/\/senat-grossegladbacher.de\/wp-content\/uploads\/2016\/05\/Foto-3.jpg\" target=\"_blank\"><img loading=\"lazy\" decoding=\"async\" class=\"alignnone wp-image-437 size-medium\" src=\"http:\/\/senat-grossegladbacher.de\/wp-content\/uploads\/2016\/05\/Foto-3-300x225.jpg\" alt=\"Foto 3\" width=\"300\" height=\"225\" srcset=\"https:\/\/senat-grossegladbacher.de\/wp-content\/uploads\/2016\/05\/Foto-3-300x225.jpg 300w, https:\/\/senat-grossegladbacher.de\/wp-content\/uploads\/2016\/05\/Foto-3-768x576.jpg 768w, https:\/\/senat-grossegladbacher.de\/wp-content\/uploads\/2016\/05\/Foto-3-1024x768.jpg 1024w\" sizes=\"auto, (max-width: 300px) 100vw, 300px\" \/><\/a><br class=\"clear\" \/>\r\n\r\nBei so viel \u00dcberraschendem fiel kaum auf, dass auch dieser Wandertag wetterm\u00e4\u00dfig au\u00dferordentlich g\u00fcnstig versorgt gewesen ist, denn alle f\u00fcr einen Wandertag notwendigen, weil beg\u00fcnstigenden Parameter stimmten: trocken, nicht zu warm, optimaler Sonne-Wolken-Wechsel, lauer Wind aus wechselnden Richtungen \u2013 kein Kaiserwetter \u2013 war ja auch kein Man\u00f6ver, dieser wundersch\u00f6ne Wandertag!<br class=\"clear\" \/>\r\n\r\n<a href=\"http:\/\/senat-grossegladbacher.de\/wp-content\/uploads\/2016\/05\/foto-4.jpg\" target=\"_blank\"><img loading=\"lazy\" decoding=\"async\" class=\"alignnone wp-image-438 size-medium\" src=\"http:\/\/senat-grossegladbacher.de\/wp-content\/uploads\/2016\/05\/foto-4-300x225.jpg\" alt=\"foto 4\" width=\"300\" height=\"225\" srcset=\"https:\/\/senat-grossegladbacher.de\/wp-content\/uploads\/2016\/05\/foto-4-300x225.jpg 300w, https:\/\/senat-grossegladbacher.de\/wp-content\/uploads\/2016\/05\/foto-4-768x576.jpg 768w, https:\/\/senat-grossegladbacher.de\/wp-content\/uploads\/2016\/05\/foto-4-1024x768.jpg 1024w\" sizes=\"auto, (max-width: 300px) 100vw, 300px\" \/><\/a><br class=\"clear\" \/>\r\n\r\n<a href=\"http:\/\/senat-grossegladbacher.de\/wp-content\/uploads\/2016\/05\/Foto-5.jpg\" target=\"_blank\"><img loading=\"lazy\" decoding=\"async\" class=\"alignnone wp-image-439 size-medium\" src=\"http:\/\/senat-grossegladbacher.de\/wp-content\/uploads\/2016\/05\/Foto-5-300x225.jpg\" alt=\"Foto 5\" width=\"300\" height=\"225\" srcset=\"https:\/\/senat-grossegladbacher.de\/wp-content\/uploads\/2016\/05\/Foto-5-300x225.jpg 300w, https:\/\/senat-grossegladbacher.de\/wp-content\/uploads\/2016\/05\/Foto-5-768x576.jpg 768w, https:\/\/senat-grossegladbacher.de\/wp-content\/uploads\/2016\/05\/Foto-5-1024x768.jpg 1024w\" sizes=\"auto, (max-width: 300px) 100vw, 300px\" \/><\/a><br class=\"clear\" \/>\r\n\r\nDank an alle: die ORGANISATION, die AKTEURE (in Person: Susanne Fuchs, Matthias Fuchs, Rolf Sam, David Laufenberg) sowie die zahllosen und namenlosen Helferinnen und Helfer.<br class=\"clear\" \/>\r\n\r\n\u2013 Weiter so!\r\n<p style=\"text-align: right;\">wodife<\/p>","protected":false},"excerpt":{"rendered":"<p>Wandertag 2014 Seit Jahren, eigentlich seit Erfindung des Wandertages des Senats der Gro\u00dfen Gladbacher, warten die Teilnehmer auf das anschlie\u00dfende ebenso erbittert wie gen\u00fcsslich zelebrierte Duell der Senats-Grill-Giganten Rolf Sam und Matthias Fuchs. Mit immer wieder neuen Tricks und Finten <a class=\"more-link\" href=\"https:\/\/senat-grossegladbacher.de\/?page_id=431\"><span class=\"screen-reader-text\">  Wandertag 2014<\/span> weiterlesen<span class=\"meta-nav\">&rarr;<\/span><\/a><\/p>\n","protected":false},"author":1,"featured_media":0,"parent":0,"menu_order":0,"comment_status":"closed","ping_status":"closed","template":"","meta":{"footnotes":""},"class_list":["post-431","page","type-page","status-publish","hentry"],"_links":{"self":[{"href":"https:\/\/senat-grossegladbacher.de\/index.php?rest_route=\/wp\/v2\/pages\/431","targetHints":{"allow":["GET"]}}],"collection":[{"href":"https:\/\/senat-grossegladbacher.de\/index.php?rest_route=\/wp\/v2\/pages"}],"about":[{"href":"https:\/\/senat-grossegladbacher.de\/index.php?rest_route=\/wp\/v2\/types\/page"}],"author":[{"embeddable":true,"href":"https:\/\/senat-grossegladbacher.de\/index.php?rest_route=\/wp\/v2\/users\/1"}],"replies":[{"embeddable":true,"href":"https:\/\/senat-grossegladbacher.de\/index.php?rest_route=%2Fwp%2Fv2%2Fcomments&post=431"}],"version-history":[{"count":15,"href":"https:\/\/senat-grossegladbacher.de\/index.php?rest_route=\/wp\/v2\/pages\/431\/revisions"}],"predecessor-version":[{"id":473,"href":"https:\/\/senat-grossegladbacher.de\/index.php?rest_route=\/wp\/v2\/pages\/431\/revisions\/473"}],"wp:attachment":[{"href":"https:\/\/senat-grossegladbacher.de\/index.php?rest_route=%2Fwp%2Fv2%2Fmedia&parent=431"}],"curies":[{"name":"wp","href":"https:\/\/api.w.org\/{rel}","templated":true}]}}

<h3><strong>Wandertag 2014</strong></h3>
Seit Jahren, eigentlich seit Erfindung des Wandertages des Senats der Großen Gladbacher, warten die Teilnehmer auf das anschließende ebenso erbittert wie genüsslich zelebrierte Duell der Senats-Grill-Giganten Rolf Sam und Matthias Fuchs. Mit immer wieder neuen Tricks und Finten haben sie Jahr für Jahr versucht, ihr Grillgut als das Beste nicht nur aller Zeiten, sondern als das viel bessere im Vergleich zu demjenigen des Erz-Grill-Rivalen zu präparieren und zu präsentieren. Der Eine brutzelte stets die viel leckereren Würstchen, der andere stets die viel köstlicheren Koteletts. In 2014 stimmte die Welt nicht mehr! – Der Reihe nach:<br class="clear" />

Am 12.09.2014 machten sich 36 Senatorinnen, Senatoren, Kinder, Freundinnen und Freunde sowie Hunde auf den Weg. Ausgangspunkt, wie in den beiden Jahren zuvor: der Park- und Grillplatz am „Weißen Pferdchen“ in Hohkeppel; Ziel der Wanderung: ein Jakobsweg-Denkmal, das hier, im Weichbild der Hohkeppeler Kirche Sankt Laurentius, daran erinnert, dass auch diese unsere Region von Jakobswegen durchzogen war (und ist), mit dem Etappenziel Köln und den Gebeinen der „Drei Heiligen Drei Könige“ – damals noch ohne Dom – mit der Hinterlassenschaft des „Köbes“; alle Drei heute von Köln nicht mehr zu trennen.<br class="clear" />

<br class="clear" /><a href="http://senat-grossegladbacher.de/wp-content/uploads/2016/05/Foto-1.jpg" target="_blank"><img loading="lazy" decoding="async" class="alignnone wp-image-435 size-medium" src="http://senat-grossegladbacher.de/wp-content/uploads/2016/05/Foto-1-300x225.jpg" alt="Foto 1" width="300" height="225" srcset="https://senat-grossegladbacher.de/wp-content/uploads/2016/05/Foto-1-300x225.jpg 300w, https://senat-grossegladbacher.de/wp-content/uploads/2016/05/Foto-1.jpg 640w" sizes="auto, (max-width: 300px) 100vw, 300px" /></a><br class="clear" />

Bei aller Historie, das eigentliche, profane, leibliche Ziel der Senatswanderung: das anschließende Grill-Fest, nein: GRILL-DUELL! Routiniert, professionell liefen die Vorbereitungen, dank Susanne Fuchs und ihrer vorzüglichen Umsicht. Die Holzkohle legte die vornehme hellgraue Blässe auf, war heiß – es konnte beginnen! Da geschah, was selbst nach dem letzten Bissen nicht verdaut war: Die Grillrivalen traten im Schulterschluss (!) vor das verdutze, hungrige Auditorium, und ein jeder der beiden kündigte das Grillgut des anderen an, lobte es, pries es als DAS je in Hohkeppel Produzierte, traten – nebeneinander – an den Rost und an die Arbeit – unfassbar! – Was war geschehen? – Niemand hat es erfahren, außer dem Heiligen Laurentius …<br class="clear" />

<a href="http://senat-grossegladbacher.de/wp-content/uploads/2016/05/Foto-2.jpg" target="_blank"><img loading="lazy" decoding="async" class="alignnone wp-image-436 size-medium" src="http://senat-grossegladbacher.de/wp-content/uploads/2016/05/Foto-2-300x225.jpg" alt="Foto 2" width="300" height="225" srcset="https://senat-grossegladbacher.de/wp-content/uploads/2016/05/Foto-2-300x225.jpg 300w, https://senat-grossegladbacher.de/wp-content/uploads/2016/05/Foto-2-768x576.jpg 768w, https://senat-grossegladbacher.de/wp-content/uploads/2016/05/Foto-2-1024x768.jpg 1024w" sizes="auto, (max-width: 300px) 100vw, 300px" /></a><br class="clear" />
<br class="clear" />

Die Qualität der in einer so unorthodoxen Weise angekündigten Würstchen und Koteletts allerdings war vorzüglich. Und alle, die sich noch gut erinnern können, waren der Meinung, deren Qualität wäre einmalig gewesen.

<a href="http://senat-grossegladbacher.de/wp-content/uploads/2016/05/Foto-3.jpg" target="_blank"><img loading="lazy" decoding="async" class="alignnone wp-image-437 size-medium" src="http://senat-grossegladbacher.de/wp-content/uploads/2016/05/Foto-3-300x225.jpg" alt="Foto 3" width="300" height="225" srcset="https://senat-grossegladbacher.de/wp-content/uploads/2016/05/Foto-3-300x225.jpg 300w, https://senat-grossegladbacher.de/wp-content/uploads/2016/05/Foto-3-768x576.jpg 768w, https://senat-grossegladbacher.de/wp-content/uploads/2016/05/Foto-3-1024x768.jpg 1024w" sizes="auto, (max-width: 300px) 100vw, 300px" /></a><br class="clear" />

Bei so viel Überraschendem fiel kaum auf, dass auch dieser Wandertag wettermäßig außerordentlich günstig versorgt gewesen ist, denn alle für einen Wandertag notwendigen, weil begünstigenden Parameter stimmten: trocken, nicht zu warm, optimaler Sonne-Wolken-Wechsel, lauer Wind aus wechselnden Richtungen – kein Kaiserwetter – war ja auch kein Manöver, dieser wunderschöne Wandertag!<br class="clear" />

<a href="http://senat-grossegladbacher.de/wp-content/uploads/2016/05/foto-4.jpg" target="_blank"><img loading="lazy" decoding="async" class="alignnone wp-image-438 size-medium" src="http://senat-grossegladbacher.de/wp-content/uploads/2016/05/foto-4-300x225.jpg" alt="foto 4" width="300" height="225" srcset="https://senat-grossegladbacher.de/wp-content/uploads/2016/05/foto-4-300x225.jpg 300w, https://senat-grossegladbacher.de/wp-content/uploads/2016/05/foto-4-768x576.jpg 768w, https://senat-grossegladbacher.de/wp-content/uploads/2016/05/foto-4-1024x768.jpg 1024w" sizes="auto, (max-width: 300px) 100vw, 300px" /></a><br class="clear" />

<a href="http://senat-grossegladbacher.de/wp-content/uploads/2016/05/Foto-5.jpg" target="_blank"><img loading="lazy" decoding="async" class="alignnone wp-image-439 size-medium" src="http://senat-grossegladbacher.de/wp-content/uploads/2016/05/Foto-5-300x225.jpg" alt="Foto 5" width="300" height="225" srcset="https://senat-grossegladbacher.de/wp-content/uploads/2016/05/Foto-5-300x225.jpg 300w, https://senat-grossegladbacher.de/wp-content/uploads/2016/05/Foto-5-768x576.jpg 768w, https://senat-grossegladbacher.de/wp-content/uploads/2016/05/Foto-5-1024x768.jpg 1024w" sizes="auto, (max-width: 300px) 100vw, 300px" /></a><br class="clear" />

Dank an alle: die ORGANISATION, die AKTEURE (in Person: Susanne Fuchs, Matthias Fuchs, Rolf Sam, David Laufenberg) sowie die zahllosen und namenlosen Helferinnen und Helfer.<br class="clear" />

– Weiter so!
<p style="text-align: right;">wodife</p>

<p>Wandertag 2014 Seit Jahren, eigentlich seit Erfindung des Wandertages des Senats der Großen Gladbacher, warten die Teilnehmer auf das anschließende ebenso erbittert wie genüsslich zelebrierte Duell der Senats-Grill-Giganten Rolf Sam und Matthias Fuchs. Mit immer wieder neuen Tricks und Finten <a class="more-link" href="https://senat-grossegladbacher.de/?page_id=431"><span class="screen-reader-text">  Wandertag 2014</span> weiterlesen<span class="meta-nav">&rarr;</span></a></p>
