{"id":410,"date":"2016-05-04T14:05:24","date_gmt":"2016-05-04T12:05:24","guid":{"rendered":"http:\/\/senat-grossegladbacher.de\/?page_id=410"},"modified":"2016-05-25T13:14:48","modified_gmt":"2016-05-25T11:14:48","slug":"aktivitaeten","status":"publish","type":"page","link":"https:\/\/senat-grossegladbacher.de\/?page_id=410","title":{"rendered":"Aktivit\u00e4ten"},"content":{"rendered":"<p>In dieser Rubrik werden die Aktivit\u00e4ten des Senat der Gro\u00dfen Gladbacher neben dem Karneval dokumentiert.<\/p>\r\n\r\n<p>Hier handelt es sich unter anderem um Reisen, Ausfl\u00fcge und Wandertage.<\/p>\r\n\r\n<p><a href=\"http:\/\/senat-grossegladbacher.de\/?page_id=412\">Wandertag 2015<\/a><\/p>\r\n\r\n<p><a href=\"http:\/\/senat-grossegladbacher.de\/?page_id=431\">Wandertag 2014<\/a><\/p>\r\n\r\n<p><a href=\"http:\/\/senat-grossegladbacher.de\/?page_id=475\">Reise nach Wien 2014<\/a><\/p>\r\n\r\n<p><a href=\"http:\/\/senat-grossegladbacher.de\/?page_id=548\">Wandertag 2013<\/a><\/p>\r\n\r\n<p><a href=\"http:\/\/senat-grossegladbacher.de\/?page_id=504\">\u201eEine Nacht in Venedig\u201c 2012<\/a><\/p>\r\n\r\n<p><a href=\"http:\/\/senat-grossegladbacher.de\/?page_id=563\">Wandertag 2012<\/a><\/p>\r\n\r\n<p><a href=\"http:\/\/senat-grossegladbacher.de\/?page_id=601\">Reise nach Prag 2012<\/a><\/p>\r\n\r\n<p><a href=\"http:\/\/senat-grossegladbacher.de\/?page_id=652\">Wandertag 2011<\/a><\/p>\r\n\r\n<p><a href=\"http:\/\/senat-grossegladbacher.de\/?page_id=634\">Exkursion Garzweiler 2011<\/a><\/p>\r\n\r\n<p><a href=\"http:\/\/senat-grossegladbacher.de\/?page_id=664\">Wandertag 2010<\/a><\/p>\r\n\r\n<p><a href=\"http:\/\/senat-grossegladbacher.de\/?page_id=677\">Reise nach Lissabon 2010<\/a><\/p>\r\n\r\n<p><a href=\"http:\/\/senat-grossegladbacher.de\/?page_id=688\">Wandertag 2009<\/a><\/p>\r\n\r\n<p><a href=\"http:\/\/senat-grossegladbacher.de\/?page_id=697\">Reise nach Budapest 2008<\/a><\/p>\r\n\r\n<p><a href=\"http:\/\/senat-grossegladbacher.de\/?page_id=716\">Exkursion DLR 2008<\/a><\/p>\r\n\r\n<p><a href=\"http:\/\/senat-grossegladbacher.de\/?page_id=721\">Lahn-Reise 2008<\/a><\/p>\r\n\r\n<p><a href=\"http:\/\/senat-grossegladbacher.de\/?page_id=726\">Reise nach Trier 2007<\/a><\/p>\r\n\r\n<p><a href=\"http:\/\/senat-grossegladbacher.de\/?page_id=739\">Reise nach Istanbul 2006<\/a><\/p>\r\n\r\n<p><a href=\"http:\/\/senat-grossegladbacher.de\/?page_id=761\">Reise ins Weserbergland 2005<\/a><\/p>","protected":false},"excerpt":{"rendered":"<p>In dieser Rubrik werden die Aktivit\u00e4ten des Senat der Gro\u00dfen Gladbacher neben dem Karneval dokumentiert. Hier handelt es sich unter anderem um Reisen, Ausfl\u00fcge und Wandertage. Wandertag 2015 Wandertag 2014 Reise nach Wien 2014 Wandertag 2013 \u201eEine Nacht in Venedig\u201c <a class=\"more-link\" href=\"https:\/\/senat-grossegladbacher.de\/?page_id=410\"><span class=\"screen-reader-text\">  Aktivit\u00e4ten<\/span> weiterlesen<span class=\"meta-nav\">&rarr;<\/span><\/a><\/p>\n","protected":false},"author":1,"featured_media":0,"parent":0,"menu_order":0,"comment_status":"closed","ping_status":"closed","template":"","meta":{"footnotes":""},"class_list":["post-410","page","type-page","status-publish","hentry"],"_links":{"self":[{"href":"https:\/\/senat-grossegladbacher.de\/index.php?rest_route=\/wp\/v2\/pages\/410","targetHints":{"allow":["GET"]}}],"collection":[{"href":"https:\/\/senat-grossegladbacher.de\/index.php?rest_route=\/wp\/v2\/pages"}],"about":[{"href":"https:\/\/senat-grossegladbacher.de\/index.php?rest_route=\/wp\/v2\/types\/page"}],"author":[{"embeddable":true,"href":"https:\/\/senat-grossegladbacher.de\/index.php?rest_route=\/wp\/v2\/users\/1"}],"replies":[{"embeddable":true,"href":"https:\/\/senat-grossegladbacher.de\/index.php?rest_route=%2Fwp%2Fv2%2Fcomments&post=410"}],"version-history":[{"count":24,"href":"https:\/\/senat-grossegladbacher.de\/index.php?rest_route=\/wp\/v2\/pages\/410\/revisions"}],"predecessor-version":[{"id":790,"href":"https:\/\/senat-grossegladbacher.de\/index.php?rest_route=\/wp\/v2\/pages\/410\/revisions\/790"}],"wp:attachment":[{"href":"https:\/\/senat-grossegladbacher.de\/index.php?rest_route=%2Fwp%2Fv2%2Fmedia&parent=410"}],"curies":[{"name":"wp","href":"https:\/\/api.w.org\/{rel}","templated":true}]}}