{"id":2006,"date":"2020-01-07T13:38:03","date_gmt":"2020-01-07T12:38:03","guid":{"rendered":"http:\/\/senat-grossegladbacher.de\/?page_id=2006"},"modified":"2020-01-07T13:40:26","modified_gmt":"2020-01-07T12:40:26","slug":"wandertag-2019","status":"publish","type":"page","link":"https:\/\/senat-grossegladbacher.de\/?page_id=2006","title":{"rendered":"Wandertag 2019"},"content":{"rendered":"\n<p><strong>Wandertag des Senats<\/strong><\/p>\n\n\n\n<p>Am 13. Oktober war es wieder soweit, der Senat traf sich zum allj\u00e4hrlichen Wandertag. Ziel war diesmal die Reise zum Mittelpunkt der Erde, pardon, zum Mittelpunkt von unserer Vaterstadt Bergisch Gladbach.<\/p>\n\n\n\n<p>Eine stattliche Anzahl von Senatoren traf sich mit Ehepartnern und Kindern an der Saaler M\u00fchle und wanderte durch das Naturschutzgebiet Grube Cox bis zum offiziellen Mittelpunkt der Stadt am Rande des Lerbacher Waldes. Die Plakette auf der Stele zeigte eindrucksvoll, dass unsere Stadt mitten im Gr\u00fcnen liegt.<\/p>\n\n\n\n<p>Von da aus ging es wieder die Hardt hoch und runter bis zu einem erfrischenden Zwischenstopp in Kaisersch Baach. Der Weg bis zum Grillplatz war von dort nicht mehr weit.<\/p>\n\n\n\n<figure class=\"wp-block-image size-large\"><img loading=\"lazy\" decoding=\"async\" width=\"576\" height=\"1024\" src=\"http:\/\/senat-grossegladbacher.de\/wp-content\/uploads\/2020\/01\/IMG_20191013_142920_694-576x1024.jpg\" alt=\"\" class=\"wp-image-2003\" srcset=\"https:\/\/senat-grossegladbacher.de\/wp-content\/uploads\/2020\/01\/IMG_20191013_142920_694-576x1024.jpg 576w, https:\/\/senat-grossegladbacher.de\/wp-content\/uploads\/2020\/01\/IMG_20191013_142920_694-169x300.jpg 169w, https:\/\/senat-grossegladbacher.de\/wp-content\/uploads\/2020\/01\/IMG_20191013_142920_694-864x1536.jpg 864w, https:\/\/senat-grossegladbacher.de\/wp-content\/uploads\/2020\/01\/IMG_20191013_142920_694-1152x2048.jpg 1152w, https:\/\/senat-grossegladbacher.de\/wp-content\/uploads\/2020\/01\/IMG_20191013_142920_694-scaled.jpg 1440w\" sizes=\"auto, (max-width: 576px) 100vw, 576px\" \/><\/figure>\n\n\n\n<figure class=\"wp-block-image size-large\"><img loading=\"lazy\" decoding=\"async\" width=\"1024\" height=\"576\" src=\"http:\/\/senat-grossegladbacher.de\/wp-content\/uploads\/2020\/01\/IMG_20191013_142714_713-1024x576.jpg\" alt=\"\" class=\"wp-image-2004\" srcset=\"https:\/\/senat-grossegladbacher.de\/wp-content\/uploads\/2020\/01\/IMG_20191013_142714_713-1024x576.jpg 1024w, https:\/\/senat-grossegladbacher.de\/wp-content\/uploads\/2020\/01\/IMG_20191013_142714_713-300x169.jpg 300w, https:\/\/senat-grossegladbacher.de\/wp-content\/uploads\/2020\/01\/IMG_20191013_142714_713-1536x864.jpg 1536w, https:\/\/senat-grossegladbacher.de\/wp-content\/uploads\/2020\/01\/IMG_20191013_142714_713-2048x1152.jpg 2048w\" sizes=\"auto, (max-width: 1024px) 100vw, 1024px\" \/><\/figure>\n\n\n\n<p>Bei dem j\u00e4hrlichen Wettkampf zwischen Mathias Fuchs und Rolf Sam um den besten Grillmeister schmeckten die W\u00fcrstchen und Koteletts nochmal so gut.<\/p>\n\n\n\n<p>Die Damen der Senatoren hatten Ihren Beitrag mit selbstgemachtem Salat und Kuchen dazu getan.<\/p>\n\n\n\n<figure class=\"wp-block-image size-large\"><img loading=\"lazy\" decoding=\"async\" width=\"1024\" height=\"576\" src=\"http:\/\/senat-grossegladbacher.de\/wp-content\/uploads\/2020\/01\/IMG_20191013_133240_885-1024x576.jpg\" alt=\"\" class=\"wp-image-2005\" srcset=\"https:\/\/senat-grossegladbacher.de\/wp-content\/uploads\/2020\/01\/IMG_20191013_133240_885-1024x576.jpg 1024w, https:\/\/senat-grossegladbacher.de\/wp-content\/uploads\/2020\/01\/IMG_20191013_133240_885-300x169.jpg 300w, https:\/\/senat-grossegladbacher.de\/wp-content\/uploads\/2020\/01\/IMG_20191013_133240_885-1536x864.jpg 1536w, https:\/\/senat-grossegladbacher.de\/wp-content\/uploads\/2020\/01\/IMG_20191013_133240_885-2048x1152.jpg 2048w\" sizes=\"auto, (max-width: 1024px) 100vw, 1024px\" \/><\/figure>\n\n\n\n<p>Die Organisation klappte vorz\u00fcglich durch Susanne Fuchs, die daf\u00fcr mit Blumen und K\u00fcsschen vom Senatspr\u00e4sidenten Uli P\u00fctz belohnt wurde.<\/p>\n\n\n\n<figure class=\"wp-block-image size-large\"><img loading=\"lazy\" decoding=\"async\" width=\"1024\" height=\"576\" src=\"http:\/\/senat-grossegladbacher.de\/wp-content\/uploads\/2020\/01\/IMG_20191013_143056_101-1024x576.jpg\" alt=\"\" class=\"wp-image-2002\" srcset=\"https:\/\/senat-grossegladbacher.de\/wp-content\/uploads\/2020\/01\/IMG_20191013_143056_101-1024x576.jpg 1024w, https:\/\/senat-grossegladbacher.de\/wp-content\/uploads\/2020\/01\/IMG_20191013_143056_101-300x169.jpg 300w, https:\/\/senat-grossegladbacher.de\/wp-content\/uploads\/2020\/01\/IMG_20191013_143056_101-1536x864.jpg 1536w, https:\/\/senat-grossegladbacher.de\/wp-content\/uploads\/2020\/01\/IMG_20191013_143056_101-2048x1152.jpg 2048w\" sizes=\"auto, (max-width: 1024px) 100vw, 1024px\" \/><\/figure>\n\n\n\n<p>Unser neuer Senator, der Pr\u00e4sident der Muttergesellschaft Alexander Pfister lie\u00df es sich ebenso wie unser Senatsehrenpr\u00e4sident Werner G\u00f6dderz mit Frau nicht nehmen, mit den Senatoren bei mittlerweile herrlichem Sonnenschein den Wandertag langsam ausklingen zu lassen.<\/p>\n","protected":false},"excerpt":{"rendered":"<p>Wandertag des Senats Am 13. Oktober war es wieder soweit, der Senat traf sich zum allj\u00e4hrlichen Wandertag. Ziel war diesmal die Reise zum Mittelpunkt der Erde, pardon, zum Mittelpunkt von unserer Vaterstadt Bergisch Gladbach. Eine stattliche Anzahl von Senatoren traf <a class=\"more-link\" href=\"https:\/\/senat-grossegladbacher.de\/?page_id=2006\"><span class=\"screen-reader-text\">  Wandertag 2019<\/span> weiterlesen<span class=\"meta-nav\">&rarr;<\/span><\/a><\/p>\n","protected":false},"author":2,"featured_media":0,"parent":0,"menu_order":0,"comment_status":"closed","ping_status":"closed","template":"","meta":{"footnotes":""},"class_list":["post-2006","page","type-page","status-publish","hentry"],"_links":{"self":[{"href":"https:\/\/senat-grossegladbacher.de\/index.php?rest_route=\/wp\/v2\/pages\/2006","targetHints":{"allow":["GET"]}}],"collection":[{"href":"https:\/\/senat-grossegladbacher.de\/index.php?rest_route=\/wp\/v2\/pages"}],"about":[{"href":"https:\/\/senat-grossegladbacher.de\/index.php?rest_route=\/wp\/v2\/types\/page"}],"author":[{"embeddable":true,"href":"https:\/\/senat-grossegladbacher.de\/index.php?rest_route=\/wp\/v2\/users\/2"}],"replies":[{"embeddable":true,"href":"https:\/\/senat-grossegladbacher.de\/index.php?rest_route=%2Fwp%2Fv2%2Fcomments&post=2006"}],"version-history":[{"count":2,"href":"https:\/\/senat-grossegladbacher.de\/index.php?rest_route=\/wp\/v2\/pages\/2006\/revisions"}],"predecessor-version":[{"id":2008,"href":"https:\/\/senat-grossegladbacher.de\/index.php?rest_route=\/wp\/v2\/pages\/2006\/revisions\/2008"}],"wp:attachment":[{"href":"https:\/\/senat-grossegladbacher.de\/index.php?rest_route=%2Fwp%2Fv2%2Fmedia&parent=2006"}],"curies":[{"name":"wp","href":"https:\/\/api.w.org\/{rel}","templated":true}]}}

<p><strong>Wandertag des Senats</strong></p>



<p>Am 13. Oktober war es wieder soweit, der Senat traf sich zum alljährlichen Wandertag. Ziel war diesmal die Reise zum Mittelpunkt der Erde, pardon, zum Mittelpunkt von unserer Vaterstadt Bergisch Gladbach.</p>



<p>Eine stattliche Anzahl von Senatoren traf sich mit Ehepartnern und Kindern an der Saaler Mühle und wanderte durch das Naturschutzgebiet Grube Cox bis zum offiziellen Mittelpunkt der Stadt am Rande des Lerbacher Waldes. Die Plakette auf der Stele zeigte eindrucksvoll, dass unsere Stadt mitten im Grünen liegt.</p>



<p>Von da aus ging es wieder die Hardt hoch und runter bis zu einem erfrischenden Zwischenstopp in Kaisersch Baach. Der Weg bis zum Grillplatz war von dort nicht mehr weit.</p>



<figure class="wp-block-image size-large"><img loading="lazy" decoding="async" width="576" height="1024" src="http://senat-grossegladbacher.de/wp-content/uploads/2020/01/IMG_20191013_142920_694-576x1024.jpg" alt="" class="wp-image-2003" srcset="https://senat-grossegladbacher.de/wp-content/uploads/2020/01/IMG_20191013_142920_694-576x1024.jpg 576w, https://senat-grossegladbacher.de/wp-content/uploads/2020/01/IMG_20191013_142920_694-169x300.jpg 169w, https://senat-grossegladbacher.de/wp-content/uploads/2020/01/IMG_20191013_142920_694-864x1536.jpg 864w, https://senat-grossegladbacher.de/wp-content/uploads/2020/01/IMG_20191013_142920_694-1152x2048.jpg 1152w, https://senat-grossegladbacher.de/wp-content/uploads/2020/01/IMG_20191013_142920_694-scaled.jpg 1440w" sizes="auto, (max-width: 576px) 100vw, 576px" /></figure>



<figure class="wp-block-image size-large"><img loading="lazy" decoding="async" width="1024" height="576" src="http://senat-grossegladbacher.de/wp-content/uploads/2020/01/IMG_20191013_142714_713-1024x576.jpg" alt="" class="wp-image-2004" srcset="https://senat-grossegladbacher.de/wp-content/uploads/2020/01/IMG_20191013_142714_713-1024x576.jpg 1024w, https://senat-grossegladbacher.de/wp-content/uploads/2020/01/IMG_20191013_142714_713-300x169.jpg 300w, https://senat-grossegladbacher.de/wp-content/uploads/2020/01/IMG_20191013_142714_713-1536x864.jpg 1536w, https://senat-grossegladbacher.de/wp-content/uploads/2020/01/IMG_20191013_142714_713-2048x1152.jpg 2048w" sizes="auto, (max-width: 1024px) 100vw, 1024px" /></figure>



<p>Bei dem jährlichen Wettkampf zwischen Mathias Fuchs und Rolf Sam um den besten Grillmeister schmeckten die Würstchen und Koteletts nochmal so gut.</p>



<p>Die Damen der Senatoren hatten Ihren Beitrag mit selbstgemachtem Salat und Kuchen dazu getan.</p>



<figure class="wp-block-image size-large"><img loading="lazy" decoding="async" width="1024" height="576" src="http://senat-grossegladbacher.de/wp-content/uploads/2020/01/IMG_20191013_133240_885-1024x576.jpg" alt="" class="wp-image-2005" srcset="https://senat-grossegladbacher.de/wp-content/uploads/2020/01/IMG_20191013_133240_885-1024x576.jpg 1024w, https://senat-grossegladbacher.de/wp-content/uploads/2020/01/IMG_20191013_133240_885-300x169.jpg 300w, https://senat-grossegladbacher.de/wp-content/uploads/2020/01/IMG_20191013_133240_885-1536x864.jpg 1536w, https://senat-grossegladbacher.de/wp-content/uploads/2020/01/IMG_20191013_133240_885-2048x1152.jpg 2048w" sizes="auto, (max-width: 1024px) 100vw, 1024px" /></figure>



<p>Die Organisation klappte vorzüglich durch Susanne Fuchs, die dafür mit Blumen und Küsschen vom Senatspräsidenten Uli Pütz belohnt wurde.</p>



<figure class="wp-block-image size-large"><img loading="lazy" decoding="async" width="1024" height="576" src="http://senat-grossegladbacher.de/wp-content/uploads/2020/01/IMG_20191013_143056_101-1024x576.jpg" alt="" class="wp-image-2002" srcset="https://senat-grossegladbacher.de/wp-content/uploads/2020/01/IMG_20191013_143056_101-1024x576.jpg 1024w, https://senat-grossegladbacher.de/wp-content/uploads/2020/01/IMG_20191013_143056_101-300x169.jpg 300w, https://senat-grossegladbacher.de/wp-content/uploads/2020/01/IMG_20191013_143056_101-1536x864.jpg 1536w, https://senat-grossegladbacher.de/wp-content/uploads/2020/01/IMG_20191013_143056_101-2048x1152.jpg 2048w" sizes="auto, (max-width: 1024px) 100vw, 1024px" /></figure>



<p>Unser neuer Senator, der Präsident der Muttergesellschaft Alexander Pfister ließ es sich ebenso wie unser Senatsehrenpräsident Werner Gödderz mit Frau nicht nehmen, mit den Senatoren bei mittlerweile herrlichem Sonnenschein den Wandertag langsam ausklingen zu lassen.</p>

<p>Wandertag des Senats Am 13. Oktober war es wieder soweit, der Senat traf sich zum alljährlichen Wandertag. Ziel war diesmal die Reise zum Mittelpunkt der Erde, pardon, zum Mittelpunkt von unserer Vaterstadt Bergisch Gladbach. Eine stattliche Anzahl von Senatoren traf <a class="more-link" href="https://senat-grossegladbacher.de/?page_id=2006"><span class="screen-reader-text">  Wandertag 2019</span> weiterlesen<span class="meta-nav">&rarr;</span></a></p>
