{"id":1655,"date":"2018-10-02T10:36:46","date_gmt":"2018-10-02T08:36:46","guid":{"rendered":"http:\/\/senat-grossegladbacher.de\/?page_id=1655"},"modified":"2018-10-02T11:03:23","modified_gmt":"2018-10-02T09:03:23","slug":"fahrradtour-2018","status":"publish","type":"page","link":"https:\/\/senat-grossegladbacher.de\/?page_id=1655","title":{"rendered":"Fahrradtour 2018"},"content":{"rendered":"Am Samstag, 08. Juli 2018, fand die allj\u00e4hrliche Fahrradtour des Senats der Gro\u00dfen Gladbacher KG (organisiert von Michael Diefenthal und J\u00fcrgen Bittner) statt.\r\n<a href=\"http:\/\/senat-grossegladbacher.de\/wp-content\/uploads\/2018\/10\/IMG_0437.jpg\" target=\"_blank\" rel=\"noopener\"><img loading=\"lazy\" decoding=\"async\" class=\"wp-image-1785 size-large alignnone\" src=\"http:\/\/senat-grossegladbacher.de\/wp-content\/uploads\/2018\/10\/IMG_0437-1024x768.jpg\" alt=\"\" width=\"530\" height=\"398\" srcset=\"https:\/\/senat-grossegladbacher.de\/wp-content\/uploads\/2018\/10\/IMG_0437-1024x768.jpg 1024w, https:\/\/senat-grossegladbacher.de\/wp-content\/uploads\/2018\/10\/IMG_0437-300x225.jpg 300w\" sizes=\"auto, (max-width: 530px) 100vw, 530px\" \/><\/a>\r\nBei traumhaftem Sonnenschein setzten sich die zahlreich erschienenen Senatorinnen und Senatoren um 10:00 Uhr vor der Ex-Vertretung in der K\u00f6lner Altstadt in Richtung F\u00e4hre Wei\u00df-Z\u00fcndorf (Krokodil) in Bewegung.\r\nSchon auf der ersten Etappe, ging Martin Derda verloren, der aber am F\u00e4hranleger wieder zur Gruppe fand.\r\n\r\n<a href=\"http:\/\/senat-grossegladbacher.de\/wp-content\/uploads\/2018\/10\/IMG_2408.jpg\" target=\"_blank\" rel=\"noopener\"><img loading=\"lazy\" decoding=\"async\" class=\"alignnone wp-image-1778 size-large\" src=\"http:\/\/senat-grossegladbacher.de\/wp-content\/uploads\/2018\/10\/IMG_2408-1024x768.jpg\" alt=\"\" width=\"530\" height=\"398\" srcset=\"https:\/\/senat-grossegladbacher.de\/wp-content\/uploads\/2018\/10\/IMG_2408-1024x768.jpg 1024w, https:\/\/senat-grossegladbacher.de\/wp-content\/uploads\/2018\/10\/IMG_2408-300x225.jpg 300w\" sizes=\"auto, (max-width: 530px) 100vw, 530px\" \/><\/a>\r\n\r\n<a href=\"http:\/\/senat-grossegladbacher.de\/wp-content\/uploads\/2018\/10\/IMG_2407.jpg\" target=\"_blank\" rel=\"noopener\"><img loading=\"lazy\" decoding=\"async\" class=\"alignnone wp-image-1777 size-large\" src=\"http:\/\/senat-grossegladbacher.de\/wp-content\/uploads\/2018\/10\/IMG_2407-1024x768.jpg\" alt=\"\" width=\"530\" height=\"398\" srcset=\"https:\/\/senat-grossegladbacher.de\/wp-content\/uploads\/2018\/10\/IMG_2407-1024x768.jpg 1024w, https:\/\/senat-grossegladbacher.de\/wp-content\/uploads\/2018\/10\/IMG_2407-300x225.jpg 300w\" sizes=\"auto, (max-width: 530px) 100vw, 530px\" \/><\/a>\r\n\r\n<a href=\"http:\/\/senat-grossegladbacher.de\/wp-content\/uploads\/2018\/10\/IMG_2409.jpg\" target=\"_blank\" rel=\"noopener\"><img loading=\"lazy\" decoding=\"async\" class=\"alignnone wp-image-1779 size-large\" src=\"http:\/\/senat-grossegladbacher.de\/wp-content\/uploads\/2018\/10\/IMG_2409-1024x768.jpg\" alt=\"\" width=\"530\" height=\"398\" srcset=\"https:\/\/senat-grossegladbacher.de\/wp-content\/uploads\/2018\/10\/IMG_2409-1024x768.jpg 1024w, https:\/\/senat-grossegladbacher.de\/wp-content\/uploads\/2018\/10\/IMG_2409-300x225.jpg 300w\" sizes=\"auto, (max-width: 530px) 100vw, 530px\" \/><\/a>\r\n\r\n<a href=\"http:\/\/senat-grossegladbacher.de\/wp-content\/uploads\/2018\/10\/IMG_2410.jpg\" target=\"_blank\" rel=\"noopener\"><img loading=\"lazy\" decoding=\"async\" class=\"alignnone wp-image-1780 size-large\" src=\"http:\/\/senat-grossegladbacher.de\/wp-content\/uploads\/2018\/10\/IMG_2410-1024x768.jpg\" alt=\"\" width=\"530\" height=\"398\" srcset=\"https:\/\/senat-grossegladbacher.de\/wp-content\/uploads\/2018\/10\/IMG_2410-1024x768.jpg 1024w, https:\/\/senat-grossegladbacher.de\/wp-content\/uploads\/2018\/10\/IMG_2410-300x225.jpg 300w\" sizes=\"auto, (max-width: 530px) 100vw, 530px\" \/><\/a>\r\n\r\n<a href=\"http:\/\/senat-grossegladbacher.de\/wp-content\/uploads\/2018\/10\/IMG_2406.jpg\" target=\"_blank\" rel=\"noopener\"><img loading=\"lazy\" decoding=\"async\" class=\"alignnone wp-image-1776 size-large\" src=\"http:\/\/senat-grossegladbacher.de\/wp-content\/uploads\/2018\/10\/IMG_2406-1024x768.jpg\" alt=\"\" width=\"530\" height=\"398\" srcset=\"https:\/\/senat-grossegladbacher.de\/wp-content\/uploads\/2018\/10\/IMG_2406-1024x768.jpg 1024w, https:\/\/senat-grossegladbacher.de\/wp-content\/uploads\/2018\/10\/IMG_2406-300x225.jpg 300w\" sizes=\"auto, (max-width: 530px) 100vw, 530px\" \/><\/a>\r\n\r\n<div style=\"width: 530px;\" class=\"wp-video\"><video class=\"wp-video-shortcode\" id=\"video-1655-1\" width=\"530\" height=\"298\" preload=\"metadata\" controls=\"controls\"><source type=\"video\/mp4\" src=\"http:\/\/senat-grossegladbacher.de\/wp-content\/uploads\/2018\/10\/IMG_0446.m4v?_=1\" \/><a href=\"http:\/\/senat-grossegladbacher.de\/wp-content\/uploads\/2018\/10\/IMG_0446.m4v\">http:\/\/senat-grossegladbacher.de\/wp-content\/uploads\/2018\/10\/IMG_0446.m4v<\/a><\/video><\/div>\r\n\r\nGemeinsam bew\u00e4ltigte man nun auch den Weg zum ersten Ziel - Graurheindorf. Hier wurden die Sportler von Ulrike Bittner und ihren Kindern mit einem f\u00fcrstlichen Snack erwartet. Mit k\u00fchlen Getr\u00e4nke und karnevalistischer Musik ruhten sich Truppe aus, um danach mit der F\u00e4hre nach Mondorf \u00fcberzusetzen.\r\n\r\n<a href=\"http:\/\/senat-grossegladbacher.de\/wp-content\/uploads\/2018\/10\/IMG_0452.jpg\" target=\"_blank\" rel=\"noopener\"><img loading=\"lazy\" decoding=\"async\" class=\"alignnone wp-image-1800 size-large\" src=\"http:\/\/senat-grossegladbacher.de\/wp-content\/uploads\/2018\/10\/IMG_0452-1024x768.jpg\" alt=\"\" width=\"530\" height=\"398\" srcset=\"https:\/\/senat-grossegladbacher.de\/wp-content\/uploads\/2018\/10\/IMG_0452-1024x768.jpg 1024w, https:\/\/senat-grossegladbacher.de\/wp-content\/uploads\/2018\/10\/IMG_0452-300x225.jpg 300w\" sizes=\"auto, (max-width: 530px) 100vw, 530px\" \/><\/a> <a href=\"http:\/\/senat-grossegladbacher.de\/wp-content\/uploads\/2018\/10\/IMG_0454.jpg\" target=\"_blank\" rel=\"noopener\"><img loading=\"lazy\" decoding=\"async\" class=\"alignnone wp-image-1802 size-large\" src=\"http:\/\/senat-grossegladbacher.de\/wp-content\/uploads\/2018\/10\/IMG_0454-1024x768.jpg\" alt=\"\" width=\"530\" height=\"398\" srcset=\"https:\/\/senat-grossegladbacher.de\/wp-content\/uploads\/2018\/10\/IMG_0454-1024x768.jpg 1024w, https:\/\/senat-grossegladbacher.de\/wp-content\/uploads\/2018\/10\/IMG_0454-300x225.jpg 300w\" sizes=\"auto, (max-width: 530px) 100vw, 530px\" \/><\/a>\r\n\r\n<div style=\"width: 530px;\" class=\"wp-video\"><video class=\"wp-video-shortcode\" id=\"video-1655-2\" width=\"530\" height=\"298\" preload=\"metadata\" controls=\"controls\"><source type=\"video\/mp4\" src=\"http:\/\/senat-grossegladbacher.de\/wp-content\/uploads\/2018\/10\/IMG_0456.m4v?_=2\" \/><a href=\"http:\/\/senat-grossegladbacher.de\/wp-content\/uploads\/2018\/10\/IMG_0456.m4v\">http:\/\/senat-grossegladbacher.de\/wp-content\/uploads\/2018\/10\/IMG_0456.m4v<\/a><\/video><\/div>\r\n\r\nVon dort strebten die Radler das Mittagsziel an. Bei gutb\u00fcrgerlicher K\u00fcche, K\u00f6lsch und Kl\u00f6n sa\u00df das illustre Gr\u00fcppchen an den Tischen der Bastei in Bonn. Besucht haben uns hier auch \u201eNichtfahrradfahrer\u201c.\r\n\r\nBis zu diesem Punkt hatte die Mannschaft schon stolze 40 Kilometer auf dem Buckel und stieg verdient auf das KD-Schiff Richtung K\u00f6ln um. Hier genossen alle die sehr warmen Sonnenstrahlen sowie das Getr\u00e4nkesortiment an Bord.\r\n\r\nZur\u00fcck in der Ex-Vertretung, genossen alle bei herrlicher Abendstimmung sowohl die k\u00fchlen Getr\u00e4nken und das leckere Essen der Gastronomie als auch den Blick auf den Rhein und das k\u00f6lsche Volk, dass den Christopher-Street-Day feierte.","protected":false},"excerpt":{"rendered":"<p>Am Samstag, 08. Juli 2018, fand die allj\u00e4hrliche Fahrradtour des Senats der Gro\u00dfen Gladbacher KG (organisiert von Michael Diefenthal und J\u00fcrgen Bittner) statt. Bei traumhaftem Sonnenschein setzten sich die zahlreich erschienenen Senatorinnen und Senatoren um 10:00 Uhr vor der Ex-Vertretung <a class=\"more-link\" href=\"https:\/\/senat-grossegladbacher.de\/?page_id=1655\"><span class=\"screen-reader-text\">  Fahrradtour 2018<\/span> weiterlesen<span class=\"meta-nav\">&rarr;<\/span><\/a><\/p>\n","protected":false},"author":1,"featured_media":0,"parent":0,"menu_order":0,"comment_status":"closed","ping_status":"closed","template":"","meta":{"footnotes":""},"class_list":["post-1655","page","type-page","status-publish","hentry"],"_links":{"self":[{"href":"https:\/\/senat-grossegladbacher.de\/index.php?rest_route=\/wp\/v2\/pages\/1655","targetHints":{"allow":["GET"]}}],"collection":[{"href":"https:\/\/senat-grossegladbacher.de\/index.php?rest_route=\/wp\/v2\/pages"}],"about":[{"href":"https:\/\/senat-grossegladbacher.de\/index.php?rest_route=\/wp\/v2\/types\/page"}],"author":[{"embeddable":true,"href":"https:\/\/senat-grossegladbacher.de\/index.php?rest_route=\/wp\/v2\/users\/1"}],"replies":[{"embeddable":true,"href":"https:\/\/senat-grossegladbacher.de\/index.php?rest_route=%2Fwp%2Fv2%2Fcomments&post=1655"}],"version-history":[{"count":8,"href":"https:\/\/senat-grossegladbacher.de\/index.php?rest_route=\/wp\/v2\/pages\/1655\/revisions"}],"predecessor-version":[{"id":1811,"href":"https:\/\/senat-grossegladbacher.de\/index.php?rest_route=\/wp\/v2\/pages\/1655\/revisions\/1811"}],"wp:attachment":[{"href":"https:\/\/senat-grossegladbacher.de\/index.php?rest_route=%2Fwp%2Fv2%2Fmedia&parent=1655"}],"curies":[{"name":"wp","href":"https:\/\/api.w.org\/{rel}","templated":true}]}}