{"id":1360,"date":"2017-09-28T08:37:53","date_gmt":"2017-09-28T06:37:53","guid":{"rendered":"http:\/\/senat-grossegladbacher.de\/?page_id=1360"},"modified":"2017-11-27T17:23:56","modified_gmt":"2017-11-27T16:23:56","slug":"familienwandertag-im-september-2017","status":"publish","type":"page","link":"https:\/\/senat-grossegladbacher.de\/?page_id=1360","title":{"rendered":"Familienwandertag im September 2017"},"content":{"rendered":"Dieses Jahr machten sich am Sonntag den 24. September unter der Organisation von Heinz Braun und Rolf Sam f\u00fcr die Wanderstrecke und Susanne und Mathias Fuchs f\u00fcr den kulinarischen Abschluss 32 wanderfreudige Senatoren, darunter der Pr\u00e4sident und der erste Vorsitzende der Muttergesellschaft sowie die Vorsitzende der Strunde-P\u00e4nz, 3 Kinder und 1 \u00bd Hunde auf den Weg die Eikamper Felder und W\u00e4lder zu erkunden.\r\n\r\n<a href=\"http:\/\/senat-grossegladbacher.de\/wp-content\/uploads\/2017\/09\/20170924_110932.jpg\"><img loading=\"lazy\" decoding=\"async\" class=\"alignnone size-full wp-image-1362\" src=\"http:\/\/senat-grossegladbacher.de\/wp-content\/uploads\/2017\/09\/20170924_110932.jpg\" alt=\"\" width=\"4608\" height=\"3456\" srcset=\"https:\/\/senat-grossegladbacher.de\/wp-content\/uploads\/2017\/09\/20170924_110932.jpg 4608w, https:\/\/senat-grossegladbacher.de\/wp-content\/uploads\/2017\/09\/20170924_110932-300x225.jpg 300w, https:\/\/senat-grossegladbacher.de\/wp-content\/uploads\/2017\/09\/20170924_110932-1024x768.jpg 1024w\" sizes=\"auto, (max-width: 4608px) 100vw, 4608px\" \/><\/a>\r\n\r\nNach der kurzen Begr\u00fc\u00dfung durch den Senatspr\u00e4sidenten Ulrich P\u00fctz ging es auf die ca. 7 km lange Strecke.\r\n\r\n<a href=\"http:\/\/senat-grossegladbacher.de\/wp-content\/uploads\/2017\/09\/20170924_110951.jpg\"><img loading=\"lazy\" decoding=\"async\" class=\"alignnone size-full wp-image-1363\" src=\"http:\/\/senat-grossegladbacher.de\/wp-content\/uploads\/2017\/09\/20170924_110951.jpg\" alt=\"\" width=\"4608\" height=\"3456\" srcset=\"https:\/\/senat-grossegladbacher.de\/wp-content\/uploads\/2017\/09\/20170924_110951.jpg 4608w, https:\/\/senat-grossegladbacher.de\/wp-content\/uploads\/2017\/09\/20170924_110951-300x225.jpg 300w, https:\/\/senat-grossegladbacher.de\/wp-content\/uploads\/2017\/09\/20170924_110951-1024x768.jpg 1024w\" sizes=\"auto, (max-width: 4608px) 100vw, 4608px\" \/><\/a>\r\n\r\nAuf der H\u00e4lfte wurden die Wanderer nach einem strammen Anstieg von Susanne Fuchs mit erfrischendem Mineralwasser erwartet.\r\nDer 2. Teil der Strecke f\u00fchrte uns durch das Gel\u00e4nde des Hochseilgartens, wobei so manch einer abgelenkt durch das, was \u00fcber den K\u00f6pfen sich befand, den Blick auf den Weg verlor.\r\n\r\n<a href=\"http:\/\/senat-grossegladbacher.de\/wp-content\/uploads\/2017\/09\/20170924_121136.jpg\"><img loading=\"lazy\" decoding=\"async\" class=\"alignnone size-full wp-image-1364\" src=\"http:\/\/senat-grossegladbacher.de\/wp-content\/uploads\/2017\/09\/20170924_121136.jpg\" alt=\"\" width=\"3456\" height=\"4608\" \/><\/a> <a href=\"http:\/\/senat-grossegladbacher.de\/wp-content\/uploads\/2017\/09\/20170924_121143.jpg\"><img loading=\"lazy\" decoding=\"async\" class=\"alignnone size-full wp-image-1365\" src=\"http:\/\/senat-grossegladbacher.de\/wp-content\/uploads\/2017\/09\/20170924_121143.jpg\" alt=\"\" width=\"4608\" height=\"3456\" srcset=\"https:\/\/senat-grossegladbacher.de\/wp-content\/uploads\/2017\/09\/20170924_121143.jpg 4608w, https:\/\/senat-grossegladbacher.de\/wp-content\/uploads\/2017\/09\/20170924_121143-300x225.jpg 300w, https:\/\/senat-grossegladbacher.de\/wp-content\/uploads\/2017\/09\/20170924_121143-1024x768.jpg 1024w\" sizes=\"auto, (max-width: 4608px) 100vw, 4608px\" \/><\/a>\r\n\r\n<a href=\"http:\/\/senat-grossegladbacher.de\/wp-content\/uploads\/2017\/09\/20170924_124005.jpg\"><img loading=\"lazy\" decoding=\"async\" class=\"alignnone size-full wp-image-1370\" src=\"http:\/\/senat-grossegladbacher.de\/wp-content\/uploads\/2017\/09\/20170924_124005.jpg\" alt=\"\" width=\"3456\" height=\"4608\" \/><\/a> <a href=\"http:\/\/senat-grossegladbacher.de\/wp-content\/uploads\/2017\/09\/20170924_123919.jpg\"><img loading=\"lazy\" decoding=\"async\" class=\"alignnone size-full wp-image-1369\" src=\"http:\/\/senat-grossegladbacher.de\/wp-content\/uploads\/2017\/09\/20170924_123919.jpg\" alt=\"\" width=\"3456\" height=\"4608\" \/><\/a>\r\n\r\nDie Wandergemeinschaft beendete den Tag im Garten von Heinz Braun, wo man auch die Teilnehmer traf, die nicht gut zu Fu\u00df waren, aber auf keinen Fall das traditionelle Grillbuffet verpassen wollten. Wie immer steuerten die Damen des Senates den ein oder anderen Salat sowie k\u00f6stlichen Kuchen zum Gelingen des Nachmittages bei. Bei k\u00fchlen Getr\u00e4nken und leckerem Essen wurde viel erz\u00e4hlt, gelacht und gefeiert.\r\n\r\n<a href=\"http:\/\/senat-grossegladbacher.de\/wp-content\/uploads\/2017\/09\/20170924_143525-1.jpg\"><img loading=\"lazy\" decoding=\"async\" class=\"alignnone size-full wp-image-1372\" src=\"http:\/\/senat-grossegladbacher.de\/wp-content\/uploads\/2017\/09\/20170924_143525-1.jpg\" alt=\"\" width=\"4608\" height=\"3456\" \/><\/a> <a href=\"http:\/\/senat-grossegladbacher.de\/wp-content\/uploads\/2017\/09\/20170924_143529-1.jpg\"><img loading=\"lazy\" decoding=\"async\" class=\"alignnone size-full wp-image-1373\" src=\"http:\/\/senat-grossegladbacher.de\/wp-content\/uploads\/2017\/09\/20170924_143529-1.jpg\" alt=\"\" width=\"4608\" height=\"3456\" \/><\/a> <a href=\"http:\/\/senat-grossegladbacher.de\/wp-content\/uploads\/2017\/09\/20170924_143643-1.jpg\"><img loading=\"lazy\" decoding=\"async\" class=\"alignnone size-full wp-image-1374\" src=\"http:\/\/senat-grossegladbacher.de\/wp-content\/uploads\/2017\/09\/20170924_143643-1.jpg\" alt=\"\" width=\"3456\" height=\"4608\" \/><\/a>\r\n\r\n<a href=\"http:\/\/senat-grossegladbacher.de\/wp-content\/uploads\/2017\/09\/20170924_143505.jpg\"><img loading=\"lazy\" decoding=\"async\" class=\"alignnone size-full wp-image-1377\" src=\"http:\/\/senat-grossegladbacher.de\/wp-content\/uploads\/2017\/09\/20170924_143505.jpg\" alt=\"\" width=\"4608\" height=\"3456\" \/><\/a>\r\n\r\nWir freuen uns aufs n\u00e4chste Jahr.","protected":false},"excerpt":{"rendered":"<p>Dieses Jahr machten sich am Sonntag den 24. September unter der Organisation von Heinz Braun und Rolf Sam f\u00fcr die Wanderstrecke und Susanne und Mathias Fuchs f\u00fcr den kulinarischen Abschluss 32 wanderfreudige Senatoren, darunter der Pr\u00e4sident und der erste Vorsitzende <a class=\"more-link\" href=\"https:\/\/senat-grossegladbacher.de\/?page_id=1360\"><span class=\"screen-reader-text\">  Familienwandertag im September 2017<\/span> weiterlesen<span class=\"meta-nav\">&rarr;<\/span><\/a><\/p>\n","protected":false},"author":1,"featured_media":0,"parent":0,"menu_order":0,"comment_status":"closed","ping_status":"closed","template":"","meta":{"footnotes":""},"class_list":["post-1360","page","type-page","status-publish","hentry"],"_links":{"self":[{"href":"https:\/\/senat-grossegladbacher.de\/index.php?rest_route=\/wp\/v2\/pages\/1360","targetHints":{"allow":["GET"]}}],"collection":[{"href":"https:\/\/senat-grossegladbacher.de\/index.php?rest_route=\/wp\/v2\/pages"}],"about":[{"href":"https:\/\/senat-grossegladbacher.de\/index.php?rest_route=\/wp\/v2\/types\/page"}],"author":[{"embeddable":true,"href":"https:\/\/senat-grossegladbacher.de\/index.php?rest_route=\/wp\/v2\/users\/1"}],"replies":[{"embeddable":true,"href":"https:\/\/senat-grossegladbacher.de\/index.php?rest_route=%2Fwp%2Fv2%2Fcomments&post=1360"}],"version-history":[{"count":5,"href":"https:\/\/senat-grossegladbacher.de\/index.php?rest_route=\/wp\/v2\/pages\/1360\/revisions"}],"predecessor-version":[{"id":1431,"href":"https:\/\/senat-grossegladbacher.de\/index.php?rest_route=\/wp\/v2\/pages\/1360\/revisions\/1431"}],"wp:attachment":[{"href":"https:\/\/senat-grossegladbacher.de\/index.php?rest_route=%2Fwp%2Fv2%2Fmedia&parent=1360"}],"curies":[{"name":"wp","href":"https:\/\/api.w.org\/{rel}","templated":true}]}}

Dieses Jahr machten sich am Sonntag den 24. September unter der Organisation von Heinz Braun und Rolf Sam für die Wanderstrecke und Susanne und Mathias Fuchs für den kulinarischen Abschluss 32 wanderfreudige Senatoren, darunter der Präsident und der erste Vorsitzende der Muttergesellschaft sowie die Vorsitzende der Strunde-Pänz, 3 Kinder und 1 ½ Hunde auf den Weg die Eikamper Felder und Wälder zu erkunden.

<a href="http://senat-grossegladbacher.de/wp-content/uploads/2017/09/20170924_110932.jpg"><img loading="lazy" decoding="async" class="alignnone size-full wp-image-1362" src="http://senat-grossegladbacher.de/wp-content/uploads/2017/09/20170924_110932.jpg" alt="" width="4608" height="3456" srcset="https://senat-grossegladbacher.de/wp-content/uploads/2017/09/20170924_110932.jpg 4608w, https://senat-grossegladbacher.de/wp-content/uploads/2017/09/20170924_110932-300x225.jpg 300w, https://senat-grossegladbacher.de/wp-content/uploads/2017/09/20170924_110932-1024x768.jpg 1024w" sizes="auto, (max-width: 4608px) 100vw, 4608px" /></a>

Nach der kurzen Begrüßung durch den Senatspräsidenten Ulrich Pütz ging es auf die ca. 7 km lange Strecke.

<a href="http://senat-grossegladbacher.de/wp-content/uploads/2017/09/20170924_110951.jpg"><img loading="lazy" decoding="async" class="alignnone size-full wp-image-1363" src="http://senat-grossegladbacher.de/wp-content/uploads/2017/09/20170924_110951.jpg" alt="" width="4608" height="3456" srcset="https://senat-grossegladbacher.de/wp-content/uploads/2017/09/20170924_110951.jpg 4608w, https://senat-grossegladbacher.de/wp-content/uploads/2017/09/20170924_110951-300x225.jpg 300w, https://senat-grossegladbacher.de/wp-content/uploads/2017/09/20170924_110951-1024x768.jpg 1024w" sizes="auto, (max-width: 4608px) 100vw, 4608px" /></a>

Auf der Hälfte wurden die Wanderer nach einem strammen Anstieg von Susanne Fuchs mit erfrischendem Mineralwasser erwartet.
Der 2. Teil der Strecke führte uns durch das Gelände des Hochseilgartens, wobei so manch einer abgelenkt durch das, was über den Köpfen sich befand, den Blick auf den Weg verlor.

<a href="http://senat-grossegladbacher.de/wp-content/uploads/2017/09/20170924_121136.jpg"><img loading="lazy" decoding="async" class="alignnone size-full wp-image-1364" src="http://senat-grossegladbacher.de/wp-content/uploads/2017/09/20170924_121136.jpg" alt="" width="3456" height="4608" /></a> <a href="http://senat-grossegladbacher.de/wp-content/uploads/2017/09/20170924_121143.jpg"><img loading="lazy" decoding="async" class="alignnone size-full wp-image-1365" src="http://senat-grossegladbacher.de/wp-content/uploads/2017/09/20170924_121143.jpg" alt="" width="4608" height="3456" srcset="https://senat-grossegladbacher.de/wp-content/uploads/2017/09/20170924_121143.jpg 4608w, https://senat-grossegladbacher.de/wp-content/uploads/2017/09/20170924_121143-300x225.jpg 300w, https://senat-grossegladbacher.de/wp-content/uploads/2017/09/20170924_121143-1024x768.jpg 1024w" sizes="auto, (max-width: 4608px) 100vw, 4608px" /></a>

<a href="http://senat-grossegladbacher.de/wp-content/uploads/2017/09/20170924_124005.jpg"><img loading="lazy" decoding="async" class="alignnone size-full wp-image-1370" src="http://senat-grossegladbacher.de/wp-content/uploads/2017/09/20170924_124005.jpg" alt="" width="3456" height="4608" /></a> <a href="http://senat-grossegladbacher.de/wp-content/uploads/2017/09/20170924_123919.jpg"><img loading="lazy" decoding="async" class="alignnone size-full wp-image-1369" src="http://senat-grossegladbacher.de/wp-content/uploads/2017/09/20170924_123919.jpg" alt="" width="3456" height="4608" /></a>

Die Wandergemeinschaft beendete den Tag im Garten von Heinz Braun, wo man auch die Teilnehmer traf, die nicht gut zu Fuß waren, aber auf keinen Fall das traditionelle Grillbuffet verpassen wollten. Wie immer steuerten die Damen des Senates den ein oder anderen Salat sowie köstlichen Kuchen zum Gelingen des Nachmittages bei. Bei kühlen Getränken und leckerem Essen wurde viel erzählt, gelacht und gefeiert.

<a href="http://senat-grossegladbacher.de/wp-content/uploads/2017/09/20170924_143525-1.jpg"><img loading="lazy" decoding="async" class="alignnone size-full wp-image-1372" src="http://senat-grossegladbacher.de/wp-content/uploads/2017/09/20170924_143525-1.jpg" alt="" width="4608" height="3456" /></a> <a href="http://senat-grossegladbacher.de/wp-content/uploads/2017/09/20170924_143529-1.jpg"><img loading="lazy" decoding="async" class="alignnone size-full wp-image-1373" src="http://senat-grossegladbacher.de/wp-content/uploads/2017/09/20170924_143529-1.jpg" alt="" width="4608" height="3456" /></a> <a href="http://senat-grossegladbacher.de/wp-content/uploads/2017/09/20170924_143643-1.jpg"><img loading="lazy" decoding="async" class="alignnone size-full wp-image-1374" src="http://senat-grossegladbacher.de/wp-content/uploads/2017/09/20170924_143643-1.jpg" alt="" width="3456" height="4608" /></a>

<a href="http://senat-grossegladbacher.de/wp-content/uploads/2017/09/20170924_143505.jpg"><img loading="lazy" decoding="async" class="alignnone size-full wp-image-1377" src="http://senat-grossegladbacher.de/wp-content/uploads/2017/09/20170924_143505.jpg" alt="" width="4608" height="3456" /></a>

Wir freuen uns aufs nächste Jahr.

<p>Dieses Jahr machten sich am Sonntag den 24. September unter der Organisation von Heinz Braun und Rolf Sam für die Wanderstrecke und Susanne und Mathias Fuchs für den kulinarischen Abschluss 32 wanderfreudige Senatoren, darunter der Präsident und der erste Vorsitzende <a class="more-link" href="https://senat-grossegladbacher.de/?page_id=1360"><span class="screen-reader-text">  Familienwandertag im September 2017</span> weiterlesen<span class="meta-nav">&rarr;</span></a></p>
