{"id":1344,"date":"2017-09-25T15:45:22","date_gmt":"2017-09-25T13:45:22","guid":{"rendered":"http:\/\/senat-grossegladbacher.de\/?page_id=1344"},"modified":"2017-09-25T15:45:22","modified_gmt":"2017-09-25T13:45:22","slug":"reise-nach-muenchen-2017","status":"publish","type":"page","link":"https:\/\/senat-grossegladbacher.de\/?page_id=1344","title":{"rendered":"Reise nach M\u00fcnchen 2017"},"content":{"rendered":"<h3>Reise des Senats der Gro\u00dfen Gladbacher nach M\u00fcnchen<\/h3>\r\nvom 15.09. bis zum 17.09.2017\r\n<h4>O\u2019zapft is auf eine gelungene Reise!<\/h4>\r\n&nbsp;\r\n\r\n<p>Nachdem die Anreise ins Motel One M\u00fcnchen S\u00fcd p\u00fcnktlich und reibungslos abgelaufen war, machte sich die Reisegesellschaft von 25 Senatoren und Senatorinnen nach einer St\u00e4rkung auf dem Viktualienmarkt auf zur Erkundung M\u00fcnchens. Kurzweilig und anekdotenreich wurde uns die Stadtgeschichte erl\u00e4utert.<\/p>\r\n\r\n<a href=\"http:\/\/senat-grossegladbacher.de\/wp-content\/uploads\/2017\/09\/P1040105.jpg\"><img loading=\"lazy\" decoding=\"async\" src=\"http:\/\/senat-grossegladbacher.de\/wp-content\/uploads\/2017\/09\/P1040105.jpg\" alt=\"\" width=\"4320\" height=\"2432\" class=\"alignnone size-full wp-image-1355\" srcset=\"https:\/\/senat-grossegladbacher.de\/wp-content\/uploads\/2017\/09\/P1040105.jpg 4320w, https:\/\/senat-grossegladbacher.de\/wp-content\/uploads\/2017\/09\/P1040105-300x169.jpg 300w, https:\/\/senat-grossegladbacher.de\/wp-content\/uploads\/2017\/09\/P1040105-1024x576.jpg 1024w\" sizes=\"auto, (max-width: 4320px) 100vw, 4320px\" \/><\/a>\r\n\r\n<p>Angefangen auf dem Petersbergl, wo M\u00fcnchen seinen Ursprung hatte, erfuhr man so einiges \u00fcber knochen\u00fcbers\u00e4\u00e4te Gottes\u00e4cker, Pakte mit dem Teufel, den Salzhandel, der M\u00fcnchen reich machte, und Pest hauchende Linw\u00fcrmer.<\/p>\r\n\r\n<a href=\"http:\/\/senat-grossegladbacher.de\/wp-content\/uploads\/2017\/09\/IMG-20170915-WA016.jpg\"><img loading=\"lazy\" decoding=\"async\" src=\"http:\/\/senat-grossegladbacher.de\/wp-content\/uploads\/2017\/09\/IMG-20170915-WA016.jpg\" alt=\"\" width=\"960\" height=\"1280\" class=\"alignnone size-full wp-image-1351\" srcset=\"https:\/\/senat-grossegladbacher.de\/wp-content\/uploads\/2017\/09\/IMG-20170915-WA016.jpg 960w, https:\/\/senat-grossegladbacher.de\/wp-content\/uploads\/2017\/09\/IMG-20170915-WA016-225x300.jpg 225w, https:\/\/senat-grossegladbacher.de\/wp-content\/uploads\/2017\/09\/IMG-20170915-WA016-768x1024.jpg 768w\" sizes=\"auto, (max-width: 960px) 100vw, 960px\" \/><\/a>\r\n\r\n<p>Vor dem Abendessen hatte die Gesellschaft zuf\u00e4llig das Gl\u00fcck, an einer italienischen Weinprobe teil zu nehmen, um im Anschluss im Fasskeller des \u201ePschorr\u201c die bayrische Kulinarik kennen zu lernen und dar\u00fcber hinaus die rheinische Kultur an alle dort zuf\u00e4llig speisenden G\u00e4ste weiterzugeben.<\/p>\r\n\r\n<a href=\"http:\/\/senat-grossegladbacher.de\/wp-content\/uploads\/2017\/09\/IMG-20170915-WA014.jpg\"><img loading=\"lazy\" decoding=\"async\" src=\"http:\/\/senat-grossegladbacher.de\/wp-content\/uploads\/2017\/09\/IMG-20170915-WA014.jpg\" alt=\"\" width=\"1024\" height=\"768\" class=\"alignnone size-full wp-image-1350\" srcset=\"https:\/\/senat-grossegladbacher.de\/wp-content\/uploads\/2017\/09\/IMG-20170915-WA014.jpg 1024w, https:\/\/senat-grossegladbacher.de\/wp-content\/uploads\/2017\/09\/IMG-20170915-WA014-300x225.jpg 300w\" sizes=\"auto, (max-width: 1024px) 100vw, 1024px\" \/><\/a>\r\n\r\n<p>Den n\u00e4chsten Vormittag nutzten einige um ihr Wies\u2019n-Outfit zu vervollst\u00e4ndigen und bei trockenem Wetter machten wir uns \u2013 perfekt gestylt - am Nachmittag auf zur Festwiese. Nach einem kurzen Rundgang mit historischen Informationen zur Entstehung des Oktoberfestes sowie zu ausgew\u00e4hlten Schaustellern nahmen wir unsere Pl\u00e4tze in Poschners H\u00fchner und Entenbraterei ein, wo wir den Abend bei traditioneller Musik und Schuhblatteln, mit einigen Mass und hervorragendem Essen genie\u00dfen konnten.<\/p>\r\n\r\n<a href=\"http:\/\/senat-grossegladbacher.de\/wp-content\/uploads\/2017\/09\/P1040200.jpg\"><img loading=\"lazy\" decoding=\"async\" src=\"http:\/\/senat-grossegladbacher.de\/wp-content\/uploads\/2017\/09\/P1040200.jpg\" alt=\"\" width=\"4320\" height=\"2432\" class=\"alignnone size-full wp-image-1356\" srcset=\"https:\/\/senat-grossegladbacher.de\/wp-content\/uploads\/2017\/09\/P1040200.jpg 4320w, https:\/\/senat-grossegladbacher.de\/wp-content\/uploads\/2017\/09\/P1040200-300x169.jpg 300w, https:\/\/senat-grossegladbacher.de\/wp-content\/uploads\/2017\/09\/P1040200-1024x576.jpg 1024w\" sizes=\"auto, (max-width: 4320px) 100vw, 4320px\" \/><\/a>\r\n\r\n<a href=\"http:\/\/senat-grossegladbacher.de\/wp-content\/uploads\/2017\/09\/IMG-20170916-WA009.jpg\"><img loading=\"lazy\" decoding=\"async\" src=\"http:\/\/senat-grossegladbacher.de\/wp-content\/uploads\/2017\/09\/IMG-20170916-WA009.jpg\" alt=\"\" width=\"768\" height=\"1024\" class=\"alignnone size-full wp-image-1352\" srcset=\"https:\/\/senat-grossegladbacher.de\/wp-content\/uploads\/2017\/09\/IMG-20170916-WA009.jpg 768w, https:\/\/senat-grossegladbacher.de\/wp-content\/uploads\/2017\/09\/IMG-20170916-WA009-225x300.jpg 225w\" sizes=\"auto, (max-width: 768px) 100vw, 768px\" \/><\/a>\r\n\r\n<a href=\"http:\/\/senat-grossegladbacher.de\/wp-content\/uploads\/2017\/09\/IMG-20170916-WA029.jpg\"><img loading=\"lazy\" decoding=\"async\" src=\"http:\/\/senat-grossegladbacher.de\/wp-content\/uploads\/2017\/09\/IMG-20170916-WA029.jpg\" alt=\"\" width=\"1280\" height=\"960\" class=\"alignnone size-full wp-image-1354\" srcset=\"https:\/\/senat-grossegladbacher.de\/wp-content\/uploads\/2017\/09\/IMG-20170916-WA029.jpg 1280w, https:\/\/senat-grossegladbacher.de\/wp-content\/uploads\/2017\/09\/IMG-20170916-WA029-300x225.jpg 300w, https:\/\/senat-grossegladbacher.de\/wp-content\/uploads\/2017\/09\/IMG-20170916-WA029-1024x768.jpg 1024w\" sizes=\"auto, (max-width: 1280px) 100vw, 1280px\" \/><\/a>\r\n\r\n<a href=\"http:\/\/senat-grossegladbacher.de\/wp-content\/uploads\/2017\/09\/IMG-20170916-WA027.jpg\"><img loading=\"lazy\" decoding=\"async\" src=\"http:\/\/senat-grossegladbacher.de\/wp-content\/uploads\/2017\/09\/IMG-20170916-WA027.jpg\" alt=\"\" width=\"1280\" height=\"960\" class=\"alignnone size-full wp-image-1353\" srcset=\"https:\/\/senat-grossegladbacher.de\/wp-content\/uploads\/2017\/09\/IMG-20170916-WA027.jpg 1280w, https:\/\/senat-grossegladbacher.de\/wp-content\/uploads\/2017\/09\/IMG-20170916-WA027-300x225.jpg 300w, https:\/\/senat-grossegladbacher.de\/wp-content\/uploads\/2017\/09\/IMG-20170916-WA027-1024x768.jpg 1024w\" sizes=\"auto, (max-width: 1280px) 100vw, 1280px\" \/><\/a>\r\n\r\n<p>Den letzten Tag lie\u00dfen wir ruhiger angehen und beschlossen unsere K\u00f6pfe im Hofgarten und im Englischen Garten durch zu l\u00fcften. Auf dem Weg dorthin trafen wir auf den Trachtenumzug direkt vor der Residenz. Am Eisbach bewunderten wir die gewandten Surfer und lie\u00dfen es uns im Biergarten am chinesischen Turm mal wieder z\u00fcnftig schmecken.<\/p>\r\n\r\n<a href=\"http:\/\/senat-grossegladbacher.de\/wp-content\/uploads\/2017\/09\/IMG_20170917_124830.jpg\"><img loading=\"lazy\" decoding=\"async\" src=\"http:\/\/senat-grossegladbacher.de\/wp-content\/uploads\/2017\/09\/IMG_20170917_124830.jpg\" alt=\"\" width=\"4160\" height=\"3120\" class=\"alignnone size-full wp-image-1349\" srcset=\"https:\/\/senat-grossegladbacher.de\/wp-content\/uploads\/2017\/09\/IMG_20170917_124830.jpg 4160w, https:\/\/senat-grossegladbacher.de\/wp-content\/uploads\/2017\/09\/IMG_20170917_124830-300x225.jpg 300w, https:\/\/senat-grossegladbacher.de\/wp-content\/uploads\/2017\/09\/IMG_20170917_124830-1024x768.jpg 1024w\" sizes=\"auto, (max-width: 4160px) 100vw, 4160px\" \/><\/a>\r\n\r\n<p>Nach p\u00fcnktlich verlaufener Heimreise beschlossen wir unser verl\u00e4ngertes Wochenende gemeinsam mit heimischen Getr\u00e4nken.<\/p>\r\n\r\n<p>Unser Fazit: Eine solche Reise mit tollen Freunden und reibungslosem Ablauf verlangt nach mehr. Ideen haben wir genug. Mal sehen was als n\u00e4chstes kommt.<\/p>","protected":false},"excerpt":{"rendered":"<p>Reise des Senats der Gro\u00dfen Gladbacher nach M\u00fcnchen vom 15.09. bis zum 17.09.2017 O\u2019zapft is auf eine gelungene Reise! &nbsp; Nachdem die Anreise ins Motel One M\u00fcnchen S\u00fcd p\u00fcnktlich und reibungslos abgelaufen war, machte sich die Reisegesellschaft von 25 Senatoren <a class=\"more-link\" href=\"https:\/\/senat-grossegladbacher.de\/?page_id=1344\"><span class=\"screen-reader-text\">  Reise nach M\u00fcnchen 2017<\/span> weiterlesen<span class=\"meta-nav\">&rarr;<\/span><\/a><\/p>\n","protected":false},"author":1,"featured_media":0,"parent":0,"menu_order":0,"comment_status":"closed","ping_status":"closed","template":"","meta":{"footnotes":""},"class_list":["post-1344","page","type-page","status-publish","hentry"],"_links":{"self":[{"href":"https:\/\/senat-grossegladbacher.de\/index.php?rest_route=\/wp\/v2\/pages\/1344","targetHints":{"allow":["GET"]}}],"collection":[{"href":"https:\/\/senat-grossegladbacher.de\/index.php?rest_route=\/wp\/v2\/pages"}],"about":[{"href":"https:\/\/senat-grossegladbacher.de\/index.php?rest_route=\/wp\/v2\/types\/page"}],"author":[{"embeddable":true,"href":"https:\/\/senat-grossegladbacher.de\/index.php?rest_route=\/wp\/v2\/users\/1"}],"replies":[{"embeddable":true,"href":"https:\/\/senat-grossegladbacher.de\/index.php?rest_route=%2Fwp%2Fv2%2Fcomments&post=1344"}],"version-history":[{"count":6,"href":"https:\/\/senat-grossegladbacher.de\/index.php?rest_route=\/wp\/v2\/pages\/1344\/revisions"}],"predecessor-version":[{"id":1358,"href":"https:\/\/senat-grossegladbacher.de\/index.php?rest_route=\/wp\/v2\/pages\/1344\/revisions\/1358"}],"wp:attachment":[{"href":"https:\/\/senat-grossegladbacher.de\/index.php?rest_route=%2Fwp%2Fv2%2Fmedia&parent=1344"}],"curies":[{"name":"wp","href":"https:\/\/api.w.org\/{rel}","templated":true}]}}